{"id":709,"date":"2024-02-29T14:41:43","date_gmt":"2024-02-29T13:41:43","guid":{"rendered":"https:\/\/frisksportlager.se\/2026\/?page_id=709"},"modified":"2026-04-19T16:35:21","modified_gmt":"2026-04-19T14:35:21","slug":"aktiviteter","status":"publish","type":"page","link":"https:\/\/frisksportlager.se\/2026\/aktiviteter\/","title":{"rendered":"Aktiviteter"},"content":{"rendered":"<p>[et_pb_section fb_built=&#8221;1&#8243; _builder_version=&#8221;4.16&#8243; custom_margin=&#8221;||||false|false&#8221; custom_padding=&#8221;||0px||false|false&#8221; locked=&#8221;off&#8221; global_colors_info=&#8221;{}&#8221;][et_pb_row admin_label=&#8221;L\u00e4grets aktiviteter&#8221; module_id=&#8221;lagrets-aktiviteter&#8221; _builder_version=&#8221;4.27.4&#8243; _module_preset=&#8221;default&#8221; global_colors_info=&#8221;{}&#8221;][et_pb_column type=&#8221;4_4&#8243; _builder_version=&#8221;4.18.0&#8243; _module_preset=&#8221;default&#8221; global_colors_info=&#8221;{}&#8221;][et_pb_divider _builder_version=&#8221;4.27.4&#8243; _module_preset=&#8221;default&#8221; global_colors_info=&#8221;{}&#8221;][\/et_pb_divider][et_pb_text module_class=&#8221;tagged tagged-h6&#8243; _builder_version=&#8221;4.27.4&#8243; custom_margin=&#8221;0px||0px||false|false&#8221; custom_padding=&#8221;||||false|false&#8221; global_colors_info=&#8221;{}&#8221;]<\/p>\n<h6>L\u00e4grets aktiviteter<\/h6>\n<h2>N\u00e5got f\u00f6r alla<\/h2>\n<h5>H\u00e4r nedanf\u00f6r kan du l\u00e4sa om de aktiviteter som brukar finnas p\u00e5 alla l\u00e4ger. Eftersom l\u00e4gret byter plats och arrang\u00f6r varje \u00e5r blir det ocks\u00e5 en del speciella programpunkter varje sommar. Klicka p\u00e5 varje rubrik f\u00f6r att l\u00e4sa mer.<\/h5>\n<p>[\/et_pb_text][\/et_pb_column][\/et_pb_row][et_pb_row column_structure=&#8221;1_2,1_2&#8243; module_id=&#8221;fs25-toggle-block&#8221; _builder_version=&#8221;4.27.4&#8243; _module_preset=&#8221;default&#8221; custom_margin=&#8221;||||false|false&#8221; locked=&#8221;off&#8221; global_colors_info=&#8221;{}&#8221;][et_pb_column type=&#8221;1_2&#8243; _builder_version=&#8221;4.22.2&#8243; _module_preset=&#8221;default&#8221; global_colors_info=&#8221;{}&#8221;][et_pb_image src=&#8221;https:\/\/frisksportlager.se\/2026\/wp-content\/uploads\/sites\/9\/2024\/12\/article_desk-10.png&#8221; title_text=&#8221;article_desk 10&#8243; _builder_version=&#8221;4.27.4&#8243; _module_preset=&#8221;default&#8221; box_shadow_style=&#8221;preset3&#8243; global_colors_info=&#8221;{}&#8221;][\/et_pb_image][et_pb_toggle title=&#8221;T\u00e4vling&#8221; open_toggle_text_color=&#8221;#529aee&#8221; open_toggle_background_color=&#8221;RGBA(255,255,255,0)&#8221; closed_toggle_text_color=&#8221;#529aee&#8221; closed_toggle_background_color=&#8221;RGBA(255,255,255,0)&#8221; icon_color=&#8221;RGBA(255,255,255,0)&#8221; open_icon_color=&#8221;RGBA(255,255,255,0)&#8221; _builder_version=&#8221;4.27.6&#8243; _module_preset=&#8221;default&#8221; title_level=&#8221;h4&#8243; title_line_height=&#8221;35px&#8221; closed_title_text_align=&#8221;left&#8221; closed_title_line_height=&#8221;35px&#8221; body_text_color=&#8221;#529aee&#8221; background_enable_image=&#8221;off&#8221; background_size=&#8221;contain&#8221; background_position=&#8221;top_right&#8221; background_horizontal_offset=&#8221;2%&#8221; text_orientation=&#8221;left&#8221; custom_padding=&#8221;0px|0px|0px|0px|false|false&#8221; custom_css_before=&#8221;line-height: 0em;&#8221; custom_css_free_form=&#8221;.et_pb_toggle h4 {||  background-image: url(https:\/\/frisksportlager.se\/2024\/wp-content\/uploads\/sites\/4\/2024\/01\/pil_webb.png);||    background-size: contain;||    background-position: right 2% top;||    background-repeat: no-repeat;||}&#8221; border_width_all=&#8221;0px&#8221; border_color_all=&#8221;RGBA(255,255,255,0)&#8221; border_style_all=&#8221;none&#8221; global_colors_info=&#8221;{}&#8221;]<\/p>\n<p>F\u00f6r den som gillar att t\u00e4vla finns det m\u00e5nga t\u00e4vlingar och turneringar att vara med i. Det blir exempelvis fotboll, orientering, volleyboll, stafett, boule och m\u00e5ngkamp. Alla f\u00e5r vara med, oavsett niv\u00e5.<\/p>\n<p><a href=\"https:\/\/frisksportlager.se\/2026\/aktiviteter\/tavling\/\">L\u00e4s mer h\u00e4r<\/a><\/p>\n<p>[\/et_pb_toggle][et_pb_image src=&#8221;https:\/\/frisksportlager.se\/2026\/wp-content\/uploads\/sites\/9\/2024\/12\/Aktuellt-o-ovrigt-1250&#215;500-3-2.png&#8221; title_text=&#8221;Aktuellt o \u00f6vrigt 1250&#215;500-3&#8243; _builder_version=&#8221;4.27.4&#8243; _module_preset=&#8221;default&#8221; box_shadow_style=&#8221;preset3&#8243; global_colors_info=&#8221;{}&#8221;][\/et_pb_image][et_pb_toggle title=&#8221;Ungdom&#8221; open_toggle_text_color=&#8221;#529aee&#8221; open_toggle_background_color=&#8221;RGBA(255,255,255,0)&#8221; closed_toggle_text_color=&#8221;#529aee&#8221; closed_toggle_background_color=&#8221;RGBA(255,255,255,0)&#8221; icon_color=&#8221;RGBA(255,255,255,0)&#8221; open_icon_color=&#8221;RGBA(255,255,255,0)&#8221; _builder_version=&#8221;4.27.6&#8243; _module_preset=&#8221;default&#8221; title_level=&#8221;h4&#8243; title_line_height=&#8221;35px&#8221; closed_title_text_align=&#8221;left&#8221; closed_title_line_height=&#8221;35px&#8221; body_text_color=&#8221;#529aee&#8221; background_enable_image=&#8221;off&#8221; background_size=&#8221;contain&#8221; background_position=&#8221;top_right&#8221; background_horizontal_offset=&#8221;2%&#8221; text_orientation=&#8221;left&#8221; custom_padding=&#8221;0px|0px|0px|0px|false|false&#8221; custom_css_before=&#8221;line-height: 0em;&#8221; custom_css_free_form=&#8221;.et_pb_toggle h4 {||  background-image: url(https:\/\/frisksportlager.se\/2024\/wp-content\/uploads\/sites\/4\/2024\/01\/pil_webb.png);||    background-size: contain;||    background-position: right 2% top;||    background-repeat: no-repeat;||}&#8221; border_width_all=&#8221;0px&#8221; border_color_all=&#8221;RGBA(255,255,255,0)&#8221; border_style_all=&#8221;none&#8221; global_colors_info=&#8221;{}&#8221;]<\/p>\n<p>F\u00f6r ungdomar \u00e4r Frisksportl\u00e4gret platsen dit man kan komma med kompisar eller utan att k\u00e4nna n\u00e5gon alls. Det \u00e4r h\u00e4r det finns chans att tr\u00e4ffa v\u00e4nner f\u00f6r livet. Det ordnas aktiviteter f\u00f6r ungdomar varje dag, b\u00e5de t\u00e4vlingar och roliga aktiviteter och lekar som \u00e4r p\u00e5 skoj. Det finns ofta ett ungdomst\u00e4lt d\u00e4r man kan h\u00e4nga och l\u00e4ra k\u00e4nna andra och &#8221;slippa&#8221; sm\u00e5syskon och f\u00f6r\u00e4ldrar en stund (och ladda mobilen!).<\/p>\n<p><a href=\"https:\/\/frisksportlager.se\/2026\/aktiviteter\/ungdom\/\">L\u00e4s mer h\u00e4r<\/a><\/p>\n<p>[\/et_pb_toggle][et_pb_image src=&#8221;https:\/\/frisksportlager.se\/2026\/wp-content\/uploads\/sites\/9\/2024\/12\/Aktuellt-o-ovrigt-1250&#215;500-1-2.png&#8221; title_text=&#8221;Aktuellt o \u00f6vrigt 1250&#215;500-1&#8243; _builder_version=&#8221;4.27.4&#8243; _module_preset=&#8221;default&#8221; box_shadow_style=&#8221;preset3&#8243; global_colors_info=&#8221;{}&#8221;][\/et_pb_image][et_pb_toggle title=&#8221;Kultur&#8221; open_toggle_text_color=&#8221;#529aee&#8221; open_toggle_background_color=&#8221;RGBA(255,255,255,0)&#8221; closed_toggle_text_color=&#8221;#529aee&#8221; closed_toggle_background_color=&#8221;RGBA(255,255,255,0)&#8221; icon_color=&#8221;RGBA(255,255,255,0)&#8221; open_icon_color=&#8221;RGBA(255,255,255,0)&#8221; _builder_version=&#8221;4.27.6&#8243; _module_preset=&#8221;default&#8221; title_level=&#8221;h4&#8243; title_line_height=&#8221;35px&#8221; closed_title_text_align=&#8221;left&#8221; closed_title_line_height=&#8221;35px&#8221; body_text_color=&#8221;#529aee&#8221; background_enable_image=&#8221;off&#8221; background_size=&#8221;contain&#8221; background_position=&#8221;top_right&#8221; background_horizontal_offset=&#8221;2%&#8221; text_orientation=&#8221;left&#8221; custom_padding=&#8221;0px|0px|0px|0px|false|false&#8221; custom_css_before=&#8221;line-height: 0em;&#8221; custom_css_free_form=&#8221;.et_pb_toggle h4 {||  background-image: url(https:\/\/frisksportlager.se\/2024\/wp-content\/uploads\/sites\/4\/2024\/01\/pil_webb.png);||    background-size: contain;||    background-position: right 2% top;||    background-repeat: no-repeat;||}&#8221; border_width_all=&#8221;0px&#8221; border_color_all=&#8221;RGBA(255,255,255,0)&#8221; border_style_all=&#8221;none&#8221; global_colors_info=&#8221;{}&#8221;]<\/p>\n<p>Kulturella aktiviteter \u00e4r viktiga under ett Frisksportl\u00e4ger! Det blir flera olika f\u00f6rel\u00e4sningar om intressanta \u00e4mnen och \u00e4ven quiz, l\u00e4gerb\u00e5l och musikunderh\u00e5llning i olika former.<\/p>\n<p><a href=\"https:\/\/frisksportlager.se\/2026\/aktiviteter\/kultur\/\">L\u00e4s mer h\u00e4r<\/a><\/p>\n<p>[\/et_pb_toggle][\/et_pb_column][et_pb_column type=&#8221;1_2&#8243; _builder_version=&#8221;4.22.2&#8243; _module_preset=&#8221;default&#8221; global_colors_info=&#8221;{}&#8221;][et_pb_image src=&#8221;https:\/\/frisksportlager.se\/2026\/wp-content\/uploads\/sites\/9\/2024\/12\/article_desk-7.png&#8221; title_text=&#8221;article_desk 7&#8243; _builder_version=&#8221;4.27.4&#8243; _module_preset=&#8221;default&#8221; box_shadow_style=&#8221;preset3&#8243; global_colors_info=&#8221;{}&#8221;][\/et_pb_image][et_pb_toggle title=&#8221;Tr\u00e4ning&#8221; open_toggle_text_color=&#8221;#529aee&#8221; open_toggle_background_color=&#8221;RGBA(255,255,255,0)&#8221; closed_toggle_text_color=&#8221;#529aee&#8221; closed_toggle_background_color=&#8221;RGBA(255,255,255,0)&#8221; icon_color=&#8221;RGBA(255,255,255,0)&#8221; open_icon_color=&#8221;RGBA(255,255,255,0)&#8221; _builder_version=&#8221;4.27.6&#8243; _module_preset=&#8221;default&#8221; title_level=&#8221;h4&#8243; title_line_height=&#8221;35px&#8221; closed_title_text_align=&#8221;left&#8221; closed_title_line_height=&#8221;35px&#8221; body_text_color=&#8221;#529aee&#8221; background_enable_image=&#8221;off&#8221; background_size=&#8221;contain&#8221; background_position=&#8221;top_right&#8221; background_horizontal_offset=&#8221;2%&#8221; text_orientation=&#8221;left&#8221; custom_padding=&#8221;0px|0px|0px|0px|false|false&#8221; custom_css_before=&#8221;line-height: 0em;&#8221; custom_css_free_form=&#8221;.et_pb_toggle h4 {||  background-image: url(https:\/\/frisksportlager.se\/2024\/wp-content\/uploads\/sites\/4\/2024\/01\/pil_webb.png);||    background-size: contain;||    background-position: right 2% top;||    background-repeat: no-repeat;||}&#8221; border_width_all=&#8221;0px&#8221; border_color_all=&#8221;RGBA(255,255,255,0)&#8221; border_style_all=&#8221;none&#8221; global_colors_info=&#8221;{}&#8221;]<\/p>\n<p>Varje dag finns flera tr\u00e4ningspass med olika inriktning. Utbudet varierar beroende p\u00e5 l\u00e4gerarrang\u00f6r men det \u00e4r vanligt med yoga, body combat, gympa, cirkeltr\u00e4ning och danspass. Du kan vara med oavsett om du \u00e4r van att tr\u00e4na mycket eller om du \u00e4r nyb\u00f6rjare.<\/p>\n<p><a href=\"https:\/\/frisksportlager.se\/2026\/aktiviteter\/traning\/\">L\u00e4s mer h\u00e4r<\/a><\/p>\n<p>[\/et_pb_toggle][et_pb_image src=&#8221;https:\/\/frisksportlager.se\/2026\/wp-content\/uploads\/sites\/9\/2024\/12\/Aktuellt-o-ovrigt-1250&#215;500-4-1.png&#8221; title_text=&#8221;Aktuellt o o\u0308vrigt 1250&#215;500-4&#8243; _builder_version=&#8221;4.27.4&#8243; _module_preset=&#8221;default&#8221; box_shadow_style=&#8221;preset3&#8243; global_colors_info=&#8221;{}&#8221;][\/et_pb_image][et_pb_toggle title=&#8221;Barn&#8221; open_toggle_text_color=&#8221;#529aee&#8221; open_toggle_background_color=&#8221;RGBA(255,255,255,0)&#8221; closed_toggle_text_color=&#8221;#529aee&#8221; closed_toggle_background_color=&#8221;RGBA(255,255,255,0)&#8221; icon_color=&#8221;RGBA(255,255,255,0)&#8221; open_icon_color=&#8221;RGBA(255,255,255,0)&#8221; _builder_version=&#8221;4.27.6&#8243; _module_preset=&#8221;default&#8221; title_level=&#8221;h4&#8243; title_line_height=&#8221;35px&#8221; closed_title_text_align=&#8221;left&#8221; closed_title_line_height=&#8221;35px&#8221; body_text_color=&#8221;#529aee&#8221; background_enable_image=&#8221;off&#8221; background_size=&#8221;contain&#8221; background_position=&#8221;top_right&#8221; background_horizontal_offset=&#8221;2%&#8221; text_orientation=&#8221;left&#8221; custom_padding=&#8221;0px|0px|0px|0px|false|false&#8221; custom_css_before=&#8221;line-height: 0em;&#8221; custom_css_free_form=&#8221;.et_pb_toggle h4 {||  background-image: url(https:\/\/frisksportlager.se\/2024\/wp-content\/uploads\/sites\/4\/2024\/01\/pil_webb.png);||    background-size: contain;||    background-position: right 2% top;||    background-repeat: no-repeat;||}&#8221; border_width_all=&#8221;0px&#8221; border_color_all=&#8221;RGBA(255,255,255,0)&#8221; border_style_all=&#8221;none&#8221; global_colors_info=&#8221;{}&#8221;]<\/p>\n<p>F\u00f6r barn finns det nog ingen b\u00e4ttre plats att vara p\u00e5 \u00e4n p\u00e5 Frisksportl\u00e4ger! Lek, bada, pyssla, campa, gympa, busa, kl\u00e4ttra, sjung, lek lite till och tr\u00e4ffa nya kompisar. Frisksportl\u00e4gret \u00e4r en trygg plats f\u00f6r barn och m\u00e5nga l\u00e4ngtar hela \u00e5ret efter n\u00e4sta l\u00e4ger!<\/p>\n<p><a href=\"https:\/\/frisksportlager.se\/2026\/aktiviteter\/barn\/\">L\u00e4s mer h\u00e4r<\/a><\/p>\n<p>[\/et_pb_toggle][et_pb_image src=&#8221;https:\/\/frisksportlager.se\/2024\/wp-content\/uploads\/sites\/4\/2024\/01\/article_desk_uppochner.png&#8221; disabled_on=&#8221;on|on|on&#8221; _builder_version=&#8221;4.22.2&#8243; _module_preset=&#8221;default&#8221; box_shadow_style=&#8221;preset3&#8243; disabled=&#8221;on&#8221; global_colors_info=&#8221;{}&#8221;][\/et_pb_image][et_pb_toggle title=&#8221;N\u00e5t mer?&#8221; open_toggle_text_color=&#8221;#529aee&#8221; open_toggle_background_color=&#8221;RGBA(255,255,255,0)&#8221; closed_toggle_text_color=&#8221;#529aee&#8221; closed_toggle_background_color=&#8221;RGBA(255,255,255,0)&#8221; icon_color=&#8221;RGBA(255,255,255,0)&#8221; open_icon_color=&#8221;RGBA(255,255,255,0)&#8221; disabled_on=&#8221;on|on|on&#8221; _builder_version=&#8221;4.22.2&#8243; _module_preset=&#8221;default&#8221; title_level=&#8221;h4&#8243; title_line_height=&#8221;35px&#8221; closed_title_text_align=&#8221;left&#8221; closed_title_line_height=&#8221;35px&#8221; body_text_color=&#8221;#529aee&#8221; background_enable_image=&#8221;off&#8221; background_size=&#8221;contain&#8221; background_position=&#8221;top_right&#8221; background_horizontal_offset=&#8221;2%&#8221; text_orientation=&#8221;left&#8221; custom_padding=&#8221;0px|0px|0px|0px|false|false&#8221; custom_css_before=&#8221;line-height: 0em;&#8221; custom_css_free_form=&#8221;.et_pb_toggle h4 {||  background-image: url(https:\/\/frisksportlager.se\/2024\/wp-content\/uploads\/sites\/4\/2024\/01\/pil_webb.png);||    background-size: contain;||    background-position: right 2% top;||    background-repeat: no-repeat;||}&#8221; border_width_all=&#8221;0px&#8221; border_color_all=&#8221;RGBA(255,255,255,0)&#8221; border_style_all=&#8221;none&#8221; disabled=&#8221;on&#8221; global_colors_info=&#8221;{}&#8221;]<\/p>\n<h5>OBS texten ska vara i heading 5<\/h5>\n<p>[\/et_pb_toggle][\/et_pb_column][\/et_pb_row][et_pb_row disabled_on=&#8221;on|on|on&#8221; module_id=&#8221;en-lagerdag&#8221; _builder_version=&#8221;4.27.4&#8243; _module_preset=&#8221;default&#8221; disabled=&#8221;on&#8221; global_colors_info=&#8221;{}&#8221;][et_pb_column type=&#8221;4_4&#8243; _builder_version=&#8221;4.22.2&#8243; _module_preset=&#8221;default&#8221; global_colors_info=&#8221;{}&#8221;][et_pb_divider color=&#8221;#061466&#8243; _builder_version=&#8221;4.16&#8243; custom_padding=&#8221;30px||||false|false&#8221; custom_css_main_element=&#8221;clear: left;&#8221; global_colors_info=&#8221;{}&#8221;][\/et_pb_divider][et_pb_text module_class=&#8221;tagged tagged-h6&#8243; _builder_version=&#8221;4.22.2&#8243; custom_margin=&#8221;0px||0px||false|false&#8221; custom_padding=&#8221;||||false|false&#8221; global_colors_info=&#8221;{}&#8221;]<\/p>\n<h6>En l\u00e4gerdag<\/h6>\n<h2>En dag p\u00e5 l\u00e4ger<\/h2>\n<h5>S\u00e5h\u00e4r kan en typisk dag p\u00e5 Frisksportl\u00e4ger se ut!<\/h5>\n<p>[\/et_pb_text][et_pb_image src=&#8221;https:\/\/frisksportlager.se\/2026\/wp-content\/uploads\/sites\/9\/2024\/12\/Aktuellt-o-ovrigt-1250&#215;500-diabolo.png&#8221; title_text=&#8221;Aktuellt o o\u0308vrigt 1250&#215;500 diabolo&#8221; _builder_version=&#8221;4.27.4&#8243; _module_preset=&#8221;default&#8221; global_colors_info=&#8221;{}&#8221;][\/et_pb_image][\/et_pb_column][\/et_pb_row][et_pb_row disabled_on=&#8221;on|on|on&#8221; _builder_version=&#8221;4.27.4&#8243; custom_margin=&#8221;||||false|false&#8221; custom_padding=&#8221;0px||||false|false&#8221; custom_padding_tablet=&#8221;||0px||false|false&#8221; custom_padding_phone=&#8221;|15px|0px|15px|false|true&#8221; disabled=&#8221;on&#8221; locked=&#8221;off&#8221; global_colors_info=&#8221;{}&#8221;][et_pb_column type=&#8221;4_4&#8243; _builder_version=&#8221;4.16&#8243; global_colors_info=&#8221;{}&#8221;][et_pb_divider color=&#8221;#061466&#8243; _builder_version=&#8221;4.16&#8243; custom_margin=&#8221;||0px||false|false&#8221; global_colors_info=&#8221;{}&#8221;][\/et_pb_divider][et_pb_image src=&#8221;@ET-DC@eyJkeW5hbWljIjp0cnVlLCJjb250ZW50IjoicG9zdF9hdXRob3JfcHJvZmlsZV9waWN0dXJlIiwic2V0dGluZ3MiOnsiZW5hYmxlX2h0bWwiOiJvZmYifX0=@&#8221; disabled_on=&#8221;on|on|on&#8221; _builder_version=&#8221;4.22.2&#8243; _dynamic_attributes=&#8221;src&#8221; max_width=&#8221;80px&#8221; custom_margin=&#8221;|15px|||false|false&#8221; custom_css_main_element=&#8221;float:left;||clear: left;&#8221; border_radii=&#8221;on|50%|50%|50%|50%&#8221; disabled=&#8221;on&#8221; global_colors_info=&#8221;{}&#8221;][\/et_pb_image][et_pb_text _builder_version=&#8221;4.22.2&#8243; header_4_letter_spacing=&#8221;0.8px&#8221; custom_margin=&#8221;15px||||false|false&#8221; custom_css_main_element=&#8221;float:left;&#8221; global_colors_info=&#8221;{}&#8221;]<\/p>\n<h4>Namn p\u00e5 ansvarig<\/h4>\n<h6>Ungdomsansvarig<\/h6>\n<p>[\/et_pb_text][et_pb_text disabled_on=&#8221;off|off|off&#8221; module_class=&#8221;averta-extra-bold&#8221; _builder_version=&#8221;4.16&#8243; text_font=&#8221;|||on|||||&#8221; text_text_color=&#8221;#0080df&#8221; text_letter_spacing=&#8221;1.51px&#8221; text_orientation=&#8221;center&#8221; max_width=&#8221;180px&#8221; custom_margin=&#8221;15px||||false|false&#8221; custom_padding=&#8221;10px|18px|10px|18px|true|true&#8221; link_option_url=&#8221;https:\/\/frisksportlager.se\/kontakt\/#ungdom&#8221; custom_css_main_element=&#8221;float: right;&#8221; border_width_all=&#8221;2px&#8221; border_color_all=&#8221;#0080df&#8221; locked=&#8221;off&#8221; global_colors_info=&#8221;{}&#8221;]<\/p>\n<p>Fr\u00e5gor?<\/p>\n<p>[\/et_pb_text][\/et_pb_column][\/et_pb_row][\/et_pb_section]<\/p>\n","protected":false},"excerpt":{"rendered":"<p>L\u00e4grets aktiviteter N\u00e5got f\u00f6r alla H\u00e4r nedanf\u00f6r kan du l\u00e4sa om de aktiviteter som brukar finnas p\u00e5 alla l\u00e4ger. Eftersom l\u00e4gret byter plats och arrang\u00f6r varje \u00e5r blir det ocks\u00e5 en del speciella programpunkter varje sommar. Klicka p\u00e5 varje rubrik f\u00f6r att l\u00e4sa mer.F\u00f6r den som gillar att t\u00e4vla finns det m\u00e5nga t\u00e4vlingar och turneringar [&hellip;]<\/p>\n","protected":false},"author":9,"featured_media":0,"parent":0,"menu_order":0,"comment_status":"closed","ping_status":"closed","template":"","meta":{"_acf_changed":false,"_et_pb_use_builder":"on","_et_pb_old_content":"","_et_gb_content_width":"","_lmt_disableupdate":"no","_lmt_disable":"","_view_id":"","footnotes":""},"class_list":["post-709","page","type-page","status-publish","hentry"],"acf":[],"_links":{"self":[{"href":"https:\/\/frisksportlager.se\/2026\/wp-json\/wp\/v2\/pages\/709","targetHints":{"allow":["GET"]}}],"collection":[{"href":"https:\/\/frisksportlager.se\/2026\/wp-json\/wp\/v2\/pages"}],"about":[{"href":"https:\/\/frisksportlager.se\/2026\/wp-json\/wp\/v2\/types\/page"}],"author":[{"embeddable":true,"href":"https:\/\/frisksportlager.se\/2026\/wp-json\/wp\/v2\/users\/9"}],"replies":[{"embeddable":true,"href":"https:\/\/frisksportlager.se\/2026\/wp-json\/wp\/v2\/comments?post=709"}],"version-history":[{"count":52,"href":"https:\/\/frisksportlager.se\/2026\/wp-json\/wp\/v2\/pages\/709\/revisions"}],"predecessor-version":[{"id":2384,"href":"https:\/\/frisksportlager.se\/2026\/wp-json\/wp\/v2\/pages\/709\/revisions\/2384"}],"wp:attachment":[{"href":"https:\/\/frisksportlager.se\/2026\/wp-json\/wp\/v2\/media?parent=709"}],"curies":[{"name":"wp","href":"https:\/\/api.w.org\/{rel}","templated":true}]}}