{"id":1867,"date":"2025-10-06T10:05:04","date_gmt":"2025-10-06T08:05:04","guid":{"rendered":"https:\/\/frisksportlager.se\/2026\/?page_id=1867"},"modified":"2026-04-20T17:00:49","modified_gmt":"2026-04-20T15:00:49","slug":"arrangor","status":"publish","type":"page","link":"https:\/\/frisksportlager.se\/2026\/arrangor\/","title":{"rendered":"\u00c5rets arrang\u00f6r"},"content":{"rendered":"<p>[et_pb_section fb_built=&#8221;1&#8243; custom_padding_last_edited=&#8221;off|tablet&#8221; _builder_version=&#8221;4.27.4&#8243; custom_margin=&#8221;||||false|false&#8221; custom_padding=&#8221;||70px||false|false&#8221; locked=&#8221;off&#8221; global_colors_info=&#8221;{}&#8221;][et_pb_row admin_label=&#8221;arets-arrangor&#8221; module_id=&#8221;arets-arrangor&#8221; _builder_version=&#8221;4.27.6&#8243; global_colors_info=&#8221;{}&#8221;][et_pb_column type=&#8221;4_4&#8243; _builder_version=&#8221;4.16&#8243; global_colors_info=&#8221;{}&#8221;][et_pb_divider color=&#8221;#061466&#8243; _builder_version=&#8221;4.22.2&#8243; custom_margin=&#8221;||0px||false|false&#8221; custom_css_main_element=&#8221;clear: both;&#8221; border_color_all=&#8221;#061466&#8243; global_colors_info=&#8221;{}&#8221;][\/et_pb_divider][et_pb_text module_id=&#8221;manga-programpunkter&#8221; module_class=&#8221;tagged tagged-h6&#8243; _builder_version=&#8221;4.27.4&#8243; global_colors_info=&#8221;{}&#8221;]<\/p>\n<h6>\u00c5rets arrang\u00f6r<\/h6>\n<h2>\u00d6sterg\u00f6tlands Frisksportdistrikt<\/h2>\n<p>P\u00e5 l\u00e4gret i \u00e5r \u00e4r det \u00d6sterg\u00f6tlands Frisksportdistrikt som arrangerar! \u00c5rets l\u00e4gerplats ligger i \u00c5tvidaberg \u2013 en riktigt bra Frisksportl\u00e4gerplats! Orten, idrottsplatsen, sj\u00f6n och naturen \u2013 h\u00e4r kan vi se till att det finns n\u00e5got f\u00f6r alla!<\/p>\n<p>[\/et_pb_text][et_pb_image src=&#8221;https:\/\/frisksportlager.se\/2026\/wp-content\/uploads\/sites\/9\/2024\/12\/Aktuellt-o-ovrigt-1250&#215;500-9.png&#8221; title_text=&#8221;Aktuellt o o\u0308vrigt 1250&#215;500-9&#8243; _builder_version=&#8221;4.27.4&#8243; _module_preset=&#8221;default&#8221; background_color=&#8221;#FFE995&#8243; global_colors_info=&#8221;{}&#8221;][\/et_pb_image][et_pb_image src=&#8221;https:\/\/frisksportlager.se\/2026\/wp-content\/uploads\/sites\/9\/2024\/02\/skylt.png&#8221; title_text=&#8221;skylt&#8221; _builder_version=&#8221;4.27.4&#8243; background_color=&#8221;#FFE995&#8243; width=&#8221;13%&#8221; width_tablet=&#8221;13%&#8221; width_phone=&#8221;15%&#8221; width_last_edited=&#8221;on|phone&#8221; custom_margin=&#8221;||||false|false&#8221; custom_css_main_element=&#8221;float: left;||clear: both;&#8221; locked=&#8221;off&#8221; global_colors_info=&#8221;{}&#8221;][\/et_pb_image][et_pb_text module_class=&#8221;averta-regular&#8221; _builder_version=&#8221;4.27.4&#8243; text_text_color=&#8221;#529AEE&#8221; custom_margin=&#8221;|||13%|false|false&#8221; custom_padding=&#8221;|||30px|false|false&#8221; locked=&#8221;off&#8221; global_colors_info=&#8221;{}&#8221;]<\/p>\n<h4>Platsen<\/h4>\n<h5>V\u00e4lkommen till \u00c5tvidaberg! Vi tycker vi har hittat en riktigt fin l\u00e4gerplats med riktigt fint omr\u00e5de! H\u00e4r finns idrottsomr\u00e5de, gott om campingytor och n\u00e4rhet till sj\u00f6n. Bysj\u00f6badet, den lilla badplatsen, ligger precis vid l\u00e4geromr\u00e5det och vilken annan l\u00e4gerplats har ett historiskt torn precis intill? Kika in Solkanonen n\u00e4r du \u00e4r h\u00e4r!<\/h5>\n<p>[\/et_pb_text][et_pb_image src=&#8221;https:\/\/frisksportlager.se\/2026\/wp-content\/uploads\/sites\/9\/2024\/02\/lovtrad.png&#8221; title_text=&#8221;lovtrad&#8221; _builder_version=&#8221;4.27.4&#8243; background_color=&#8221;#FFE995&#8243; width=&#8221;13%&#8221; width_tablet=&#8221;13%&#8221; width_phone=&#8221;15%&#8221; width_last_edited=&#8221;on|phone&#8221; custom_margin=&#8221;||||false|false&#8221; custom_css_main_element=&#8221;float: left;||clear: both;&#8221; locked=&#8221;off&#8221; global_colors_info=&#8221;{}&#8221;][\/et_pb_image][et_pb_text module_class=&#8221;averta-regular&#8221; _builder_version=&#8221;4.27.4&#8243; text_text_color=&#8221;#529AEE&#8221; custom_margin=&#8221;|||13%|false|false&#8221; custom_padding=&#8221;|||30px|false|false&#8221; locked=&#8221;off&#8221; global_colors_info=&#8221;{}&#8221;]<\/p>\n<h4>N\u00e4romr\u00e5det<\/h4>\n<h5>I \u00c5tvidaberg och omr\u00e5det runt omkring finns m\u00e5nga sev\u00e4rdheter! Med en l\u00e5ng historia av bland annat koppargruva finns mycket historik att uppt\u00e4cka. Kanske vill du \u00e5ka det gamla t\u00e5get p\u00e5 Risten-Lakviks J\u00e4rnv\u00e4g, eller bes\u00f6ka ett museum i centrum? Dessutom finns sk\u00f6n natur runtikring \u00c5tvidaberg, exempelvis \u00c5tvidsn\u00e4s Naturreservat. V\u00e4lkommen att uppt\u00e4cka!<\/h5>\n<p>[\/et_pb_text][et_pb_image src=&#8221;https:\/\/frisksportlager.se\/2026\/wp-content\/uploads\/sites\/9\/2024\/02\/bergstopp.png&#8221; title_text=&#8221;bergstopp&#8221; _builder_version=&#8221;4.27.4&#8243; background_color=&#8221;#FFE995&#8243; width=&#8221;13%&#8221; width_tablet=&#8221;13%&#8221; width_phone=&#8221;15%&#8221; width_last_edited=&#8221;on|phone&#8221; custom_margin=&#8221;||||false|false&#8221; custom_css_main_element=&#8221;float: left;||clear: both;&#8221; locked=&#8221;off&#8221; global_colors_info=&#8221;{}&#8221;][\/et_pb_image][et_pb_text module_class=&#8221;averta-regular&#8221; _builder_version=&#8221;4.27.4&#8243; text_text_color=&#8221;#529AEE&#8221; custom_margin=&#8221;|||13%|false|false&#8221; custom_padding=&#8221;|||30px|false|false&#8221; locked=&#8221;off&#8221; global_colors_info=&#8221;{}&#8221;]<\/p>\n<h4>\u00c5rets h\u00f6jdpunkter<\/h4>\n<h5>Sj\u00e4lvklart passar vi p\u00e5 att under veckan visa Frisksport \u00d6sterg\u00f6tlands expertomr\u00e5den vad g\u00e4ller aktiviteter! Vi h\u00e5ller p\u00e5 att planera l\u00e4gret, men vi vill passa p\u00e5 att visa v\u00e5ra favoriter fr\u00e5n frisksportklubbarna i omr\u00e5det! Vi har massor av olika kunskapsomr\u00e5den, fr\u00e5n Cirkus Trickster i Ljungsbro till S.U.P.-paddlarna i Norrk\u00f6ping \u2013 och en hel del annat sm\u00e5tt och gott som kan dyka upp i programmet.<\/h5>\n<p>[\/et_pb_text][\/et_pb_column][\/et_pb_row][et_pb_row admin_label=&#8221;Bild&#8221; _builder_version=&#8221;4.27.4&#8243; global_colors_info=&#8221;{}&#8221;][et_pb_column type=&#8221;4_4&#8243; _builder_version=&#8221;4.16&#8243; global_colors_info=&#8221;{}&#8221;][et_pb_image src=&#8221;https:\/\/frisksportlager.se\/wp-content\/uploads\/2020\/02\/pappa_barnvagn_artikel_desk-min.jpg&#8221; align=&#8221;center&#8221; _builder_version=&#8221;4.16&#8243; background_color=&#8221;#FFE995&#8243; width=&#8221;100%&#8221; global_colors_info=&#8221;{}&#8221;][\/et_pb_image][\/et_pb_column][\/et_pb_row][et_pb_row admin_label=&#8221;om-distriktet&#8221; module_id=&#8221;om-distriktet&#8221; _builder_version=&#8221;4.27.6&#8243; global_colors_info=&#8221;{}&#8221;][et_pb_column type=&#8221;4_4&#8243; _builder_version=&#8221;4.16&#8243; global_colors_info=&#8221;{}&#8221;][et_pb_divider color=&#8221;#061466&#8243; _builder_version=&#8221;4.16&#8243; custom_margin=&#8221;||0px||false|false&#8221; border_color_all=&#8221;#061466&#8243; global_colors_info=&#8221;{}&#8221;][\/et_pb_divider][et_pb_text module_id=&#8221;om-frisksport&#8221; module_class=&#8221;tagged tagged-h6&#8243; _builder_version=&#8221;4.27.4&#8243; global_colors_info=&#8221;{}&#8221;]<\/p>\n<h6>Om distriktet<\/h6>\n<h2>Frisksport \u00d6sterg\u00f6tland<\/h2>\n<h5>\u00c5rets arrang\u00f6r \u00e4r frisksportklubbarna i \u00d6sterg\u00f6tland \u2013 samlade i \u00d6sterg\u00f6tlands Frisksportdistrikt och \u00d6sterg\u00f6tlands Frisksportungdom. Frisksportklubbarna i \u00d6sterg\u00f6tland ligger i Norrk\u00f6ping, Link\u00f6ping, Motala, Vadstena och Ljungsbro. Samverkan \u00e4r stor i distriktet och det finns en m\u00e4ngd olika aktiviteter, med allt fr\u00e5n paddling till familjegympa! L\u00e4s mer om Frisksportr\u00f6relsen och hitta en frisksportklubb p\u00e5 frisksport.se.<\/h5>\n<p>[\/et_pb_text][et_pb_image src=&#8221;https:\/\/frisksportlager.se\/2026\/wp-content\/uploads\/sites\/9\/2024\/12\/Aktuellt-o-ovrigt-1250&#215;500-4-1.png&#8221; title_text=&#8221;Aktuellt o o\u0308vrigt 1250&#215;500-4&#8243; _builder_version=&#8221;4.27.4&#8243; _module_preset=&#8221;default&#8221; global_colors_info=&#8221;{}&#8221;][\/et_pb_image][\/et_pb_column][\/et_pb_row][et_pb_row disabled_on=&#8221;on|on|on&#8221; _builder_version=&#8221;4.27.4&#8243; custom_margin=&#8221;||||false|false&#8221; custom_padding=&#8221;||||false|false&#8221; custom_padding_tablet=&#8221;||0px||false|false&#8221; custom_padding_phone=&#8221;|15px|0px|15px|false|true&#8221; disabled=&#8221;on&#8221; locked=&#8221;off&#8221; global_colors_info=&#8221;{}&#8221;][et_pb_column type=&#8221;4_4&#8243; _builder_version=&#8221;4.16&#8243; global_colors_info=&#8221;{}&#8221;][et_pb_divider color=&#8221;#061466&#8243; _builder_version=&#8221;4.16&#8243; custom_margin=&#8221;||0px||false|false&#8221; border_color_all=&#8221;#061466&#8243; global_colors_info=&#8221;{}&#8221;][\/et_pb_divider][et_pb_image src=&#8221;@ET-DC@eyJkeW5hbWljIjp0cnVlLCJjb250ZW50IjoicG9zdF9hdXRob3JfcHJvZmlsZV9waWN0dXJlIiwic2V0dGluZ3MiOnsiZW5hYmxlX2h0bWwiOiJvZmYifX0=@&#8221; _builder_version=&#8221;4.22.2&#8243; _dynamic_attributes=&#8221;src&#8221; background_color=&#8221;RGBA(255,255,255,0)&#8221; max_width=&#8221;80px&#8221; custom_margin=&#8221;|15px|||false|false&#8221; custom_css_main_element=&#8221;float:left;&#8221; border_radii=&#8221;on|50%|50%|50%|50%&#8221; locked=&#8221;off&#8221; global_colors_info=&#8221;{}&#8221;][\/et_pb_image][et_pb_text _builder_version=&#8221;4.22.2&#8243; text_line_height=&#8221;0.7em&#8221; header_4_letter_spacing=&#8221;0.8px&#8221; custom_margin=&#8221;15px||0px||false|false&#8221; custom_padding=&#8221;0px||0px||false|false&#8221; custom_css_main_element=&#8221;float:left;&#8221; locked=&#8221;off&#8221; global_colors_info=&#8221;{}&#8221;]<\/p>\n<h4>Namn p\u00e5 ansvarig<\/h4>\n<h6>L\u00e4gerledning<\/h6>\n<p>[\/et_pb_text][et_pb_text disabled_on=&#8221;off|off|off&#8221; module_class=&#8221;averta-extra-bold&#8221; _builder_version=&#8221;4.22.2&#8243; text_font=&#8221;|||on|||||&#8221; text_text_color=&#8221;#529AEE&#8221; text_letter_spacing=&#8221;1.51px&#8221; text_orientation=&#8221;center&#8221; max_width=&#8221;180px&#8221; custom_margin=&#8221;15px||||false|false&#8221; custom_padding=&#8221;10px|18px|10px|18px|true|true&#8221; link_option_url=&#8221;https:\/\/frisksportlager.se\/kontakt\/#info&#8221; custom_css_main_element=&#8221;float: right;&#8221; border_width_all=&#8221;2px&#8221; border_color_all=&#8221;#529AEE&#8221; locked=&#8221;off&#8221; global_colors_info=&#8221;{}&#8221;]<\/p>\n<p>Fr\u00e5gor?<\/p>\n<p>[\/et_pb_text][\/et_pb_column][\/et_pb_row][\/et_pb_section][et_pb_section fb_built=&#8221;1&#8243; disabled_on=&#8221;on|on|on&#8221; admin_label=&#8221;Sektion&#8221; module_class=&#8221;stop&#8221; _builder_version=&#8221;4.22.2&#8243; _module_preset=&#8221;default&#8221; disabled=&#8221;on&#8221; locked=&#8221;off&#8221; global_colors_info=&#8221;{}&#8221;][et_pb_row disabled_on=&#8221;off|off|off&#8221; admin_label=&#8221;anmalan kommer snart&#8221; module_id=&#8221;anmalan-till-lagret&#8221; module_class=&#8221;btn-inline&#8221; _builder_version=&#8221;4.16&#8243; background_color=&#8221;#009EFF&#8221; width=&#8221;100%&#8221; width_last_edited=&#8221;off|desktop&#8221; max_width=&#8221;100%&#8221; max_width_tablet=&#8221;100%&#8221; custom_margin=&#8221;|||||false&#8221; custom_margin_tablet=&#8221;|0px||0px|false|false&#8221; custom_margin_phone=&#8221;|0px||0px|false|true&#8221; custom_margin_last_edited=&#8221;on|tablet&#8221; custom_padding=&#8221;60px||60px||false|false&#8221; custom_padding_tablet=&#8221;||||false|false&#8221; custom_padding_phone=&#8221;|0px||0px|false|true&#8221; locked=&#8221;off&#8221; global_colors_info=&#8221;{}&#8221;][et_pb_column type=&#8221;4_4&#8243; _builder_version=&#8221;4.16&#8243; global_colors_info=&#8221;{}&#8221;][et_pb_text admin_label=&#8221;Text Rubrik&#8221; module_class=&#8221;averta-bold&#8221; _builder_version=&#8221;4.16&#8243; text_text_color=&#8221;#ffffff&#8221; text_font_size=&#8221;50px&#8221; text_line_height=&#8221;93px&#8221; header_2_text_color=&#8221;#ffffff&#8221; header_2_font_size=&#8221;48px&#8221; header_3_text_color=&#8221;#ffffff&#8221; header_6_text_color=&#8221;#ffffff&#8221; background_color=&#8221;rgba(255,255,255,0)&#8221; text_orientation=&#8221;center&#8221; custom_margin=&#8221;||0px||false|false&#8221; custom_margin_tablet=&#8221;&#8221; custom_margin_phone=&#8221;||10px||false|false&#8221; custom_margin_last_edited=&#8221;on|phone&#8221; custom_padding=&#8221;|0px||0px|false|false&#8221; text_font_size_tablet=&#8221;40px&#8221; text_font_size_phone=&#8221;30px&#8221; text_font_size_last_edited=&#8221;on|phone&#8221; text_line_height_tablet=&#8221;80px&#8221; text_line_height_phone=&#8221;32px&#8221; text_line_height_last_edited=&#8221;on|phone&#8221; header_2_font_size_tablet=&#8221;40px&#8221; header_2_font_size_phone=&#8221;25px&#8221; header_2_font_size_last_edited=&#8221;on|phone&#8221; border_width_top_tablet=&#8221;&#8221; border_width_top_phone=&#8221;&#8221; border_width_top_last_edited=&#8221;on|phone&#8221; border_width_right_tablet=&#8221;&#8221; border_width_right_phone=&#8221;&#8221; border_width_right_last_edited=&#8221;on|tablet&#8221; border_width_left_tablet=&#8221;&#8221; border_width_left_phone=&#8221;&#8221; border_width_left_last_edited=&#8221;on|phone&#8221; global_colors_info=&#8221;{}&#8221;]<\/p>\n<h2>Anm\u00e4lan till l\u00e4gret<\/h2>\n<p>[\/et_pb_text][et_pb_text admin_label=&#8221;Text Mer om anm\u00e4lan&#8221; module_class=&#8221;averta-bold&#8221; _builder_version=&#8221;4.16&#8243; text_text_color=&#8221;#ffffff&#8221; text_font_size=&#8221;20px&#8221; text_line_height=&#8221;25px&#8221; header_2_text_color=&#8221;#ffffff&#8221; header_2_font_size=&#8221;48px&#8221; header_3_text_color=&#8221;#ffffff&#8221; header_6_text_color=&#8221;#ffffff&#8221; background_color=&#8221;#009EFF&#8221; text_orientation=&#8221;center&#8221; width=&#8221;530px&#8221; width_tablet=&#8221;90%&#8221; width_phone=&#8221;90%&#8221; width_last_edited=&#8221;on|desktop&#8221; module_alignment=&#8221;center&#8221; custom_margin=&#8221;15px||30px||false|false&#8221; custom_padding=&#8221;|10px||10px|false|false&#8221; text_font_size_tablet=&#8221;20px&#8221; text_font_size_phone=&#8221;16px&#8221; text_font_size_last_edited=&#8221;on|phone&#8221; text_line_height_tablet=&#8221;25px&#8221; text_line_height_phone=&#8221;22px&#8221; text_line_height_last_edited=&#8221;on|desktop&#8221; header_2_font_size_tablet=&#8221;40px&#8221; header_2_font_size_phone=&#8221;25px&#8221; header_2_font_size_last_edited=&#8221;on|phone&#8221; border_width_top_tablet=&#8221;&#8221; border_width_top_phone=&#8221;&#8221; border_width_top_last_edited=&#8221;on|phone&#8221; border_width_right_tablet=&#8221;&#8221; border_width_right_phone=&#8221;&#8221; border_width_right_last_edited=&#8221;on|tablet&#8221; border_width_left_tablet=&#8221;&#8221; border_width_left_phone=&#8221;&#8221; border_width_left_last_edited=&#8221;on|phone&#8221; global_colors_info=&#8221;{}&#8221;]<\/p>\n<p>Klicka h\u00e4r f\u00f6r att l\u00e4sa mer om hur du anm\u00e4ler dig. Sedan klickar du dig vidare till v\u00e5rt anm\u00e4lningssystem.<\/p>\n<p>[\/et_pb_text][et_pb_text disabled_on=&#8221;off|off|off&#8221; _builder_version=&#8221;4.21.0&#8243; text_font=&#8221;Averta-Bold|||on|||||&#8221; text_text_color=&#8221;#0080df&#8221; text_letter_spacing=&#8221;1.51px&#8221; background_color=&#8221;#fff6a2&#8243; text_orientation=&#8221;center&#8221; custom_margin=&#8221;|15px|15px|15px|false|true&#8221; custom_padding=&#8221;10px|18px|10px|18px|true|true&#8221; link_option_url=&#8221;https:\/\/frisksportlager.se\/anmalan-2023&#8243; text_font_size_tablet=&#8221;&#8221; text_font_size_phone=&#8221;13px&#8221; text_font_size_last_edited=&#8221;on|phone&#8221; text_letter_spacing_tablet=&#8221;&#8221; text_letter_spacing_phone=&#8221;1.4px&#8221; text_letter_spacing_last_edited=&#8221;on|phone&#8221; custom_css_main_element=&#8221;display: inline-block;||min-width: 253px;&#8221; border_width_all=&#8221;2px&#8221; border_color_all=&#8221;#fff6a2&#8243; box_shadow_style=&#8221;preset2&#8243; locked=&#8221;off&#8221; global_colors_info=&#8221;{}&#8221; custom_css_main_element_last_edited=&#8221;on|phone&#8221; custom_css_main_element_phone=&#8221;display: inline-block;||min-width: 200px;&#8221; custom_css_main_element_tablet=&#8221;display: inline-block;||min-width: 253px;&#8221;]<\/p>\n<p>Till anm\u00e4lan<\/p>\n<p>[\/et_pb_text][et_pb_text disabled_on=&#8221;off|off|off&#8221; _builder_version=&#8221;4.21.0&#8243; text_font=&#8221;Averta-Bold|||on|||||&#8221; text_text_color=&#8221;#FFF6A2&#8243; text_letter_spacing=&#8221;1.51px&#8221; text_orientation=&#8221;center&#8221; custom_margin=&#8221;|15px||15px|false|true&#8221; custom_padding=&#8221;10px|18px|10px|18px|true|true&#8221; link_option_url=&#8221;https:\/\/frisksportlager.se\/om-lagret\/&#8221; text_font_size_tablet=&#8221;&#8221; text_font_size_phone=&#8221;13px&#8221; text_font_size_last_edited=&#8221;on|desktop&#8221; text_letter_spacing_tablet=&#8221;&#8221; text_letter_spacing_phone=&#8221;1.4px&#8221; text_letter_spacing_last_edited=&#8221;on|phone&#8221; custom_css_main_element=&#8221;display: inline-block;||min-width: 253px;&#8221; border_width_all=&#8221;2px&#8221; border_color_all=&#8221;#FFF6A2&#8243; locked=&#8221;off&#8221; global_colors_info=&#8221;{}&#8221; custom_css_main_element_last_edited=&#8221;on|phone&#8221; custom_css_main_element_phone=&#8221;display: inline-block;||min-width: 200px;&#8221; custom_css_main_element_tablet=&#8221;display: inline-block;||min-width: 253px;&#8221;]<\/p>\n<p>Mer om l\u00e4gret<\/p>\n<p>[\/et_pb_text][\/et_pb_column][\/et_pb_row][\/et_pb_section]<\/p>\n","protected":false},"excerpt":{"rendered":"<p>\u00c5rets arrang\u00f6r \u00d6sterg\u00f6tlands Frisksportdistrikt P\u00e5 l\u00e4gret i \u00e5r \u00e4r det \u00d6sterg\u00f6tlands Frisksportdistrikt som arrangerar! \u00c5rets l\u00e4gerplats ligger i \u00c5tvidaberg \u2013 en riktigt bra Frisksportl\u00e4gerplats! Orten, idrottsplatsen, sj\u00f6n och naturen \u2013 h\u00e4r kan vi se till att det finns n\u00e5got f\u00f6r alla!Platsen V\u00e4lkommen till \u00c5tvidaberg! Vi tycker vi har hittat en riktigt fin l\u00e4gerplats med riktigt [&hellip;]<\/p>\n","protected":false},"author":9,"featured_media":0,"parent":0,"menu_order":0,"comment_status":"closed","ping_status":"closed","template":"","meta":{"_acf_changed":false,"_et_pb_use_builder":"on","_et_pb_old_content":"","_et_gb_content_width":"","_lmt_disableupdate":"no","_lmt_disable":"","_view_id":"","footnotes":""},"class_list":["post-1867","page","type-page","status-publish","hentry"],"acf":[],"_links":{"self":[{"href":"https:\/\/frisksportlager.se\/2026\/wp-json\/wp\/v2\/pages\/1867","targetHints":{"allow":["GET"]}}],"collection":[{"href":"https:\/\/frisksportlager.se\/2026\/wp-json\/wp\/v2\/pages"}],"about":[{"href":"https:\/\/frisksportlager.se\/2026\/wp-json\/wp\/v2\/types\/page"}],"author":[{"embeddable":true,"href":"https:\/\/frisksportlager.se\/2026\/wp-json\/wp\/v2\/users\/9"}],"replies":[{"embeddable":true,"href":"https:\/\/frisksportlager.se\/2026\/wp-json\/wp\/v2\/comments?post=1867"}],"version-history":[{"count":24,"href":"https:\/\/frisksportlager.se\/2026\/wp-json\/wp\/v2\/pages\/1867\/revisions"}],"predecessor-version":[{"id":2410,"href":"https:\/\/frisksportlager.se\/2026\/wp-json\/wp\/v2\/pages\/1867\/revisions\/2410"}],"wp:attachment":[{"href":"https:\/\/frisksportlager.se\/2026\/wp-json\/wp\/v2\/media?parent=1867"}],"curies":[{"name":"wp","href":"https:\/\/api.w.org\/{rel}","templated":true}]}}