{"id":1837,"date":"2025-10-06T09:32:12","date_gmt":"2025-10-06T07:32:12","guid":{"rendered":"https:\/\/frisksportlager.se\/2026\/?page_id=1837"},"modified":"2025-10-08T15:03:49","modified_gmt":"2025-10-08T13:03:49","slug":"fiket","status":"publish","type":"page","link":"https:\/\/frisksportlager.se\/2026\/fiket\/","title":{"rendered":"L\u00e4gerfiket"},"content":{"rendered":"<p>[et_pb_section fb_built=&#8221;1&#8243; custom_padding_last_edited=&#8221;off|tablet&#8221; _builder_version=&#8221;4.22.2&#8243; custom_margin=&#8221;||||false|false&#8221; custom_padding=&#8221;||0px||false|false&#8221; custom_css_main_element=&#8221;z-index: 0;&#8221; locked=&#8221;off&#8221; global_colors_info=&#8221;{}&#8221;][et_pb_row module_id=&#8221;forsaljning&#8221; _builder_version=&#8221;4.27.4&#8243; custom_margin=&#8221;||||false|false&#8221; custom_padding=&#8221;||0px||false|true&#8221; locked=&#8221;off&#8221; global_colors_info=&#8221;{}&#8221;][et_pb_column type=&#8221;4_4&#8243; _builder_version=&#8221;4.16&#8243; global_colors_info=&#8221;{}&#8221; custom_css_main_element_last_edited=&#8221;on|phone&#8221; custom_css_main_element_tablet=&#8221;order: 2;&#8221; custom_css_main_element_phone=&#8221;order: 2;&#8221;][et_pb_divider color=&#8221;#061466&#8243; _builder_version=&#8221;4.16&#8243; custom_margin=&#8221;||||false|false&#8221; custom_margin_tablet=&#8221;15px||||false|false&#8221; custom_margin_phone=&#8221;&#8221; custom_margin_last_edited=&#8221;on|phone&#8221; custom_css_main_element=&#8221;clear: left;&#8221; border_color_all=&#8221;#061466&#8243; global_colors_info=&#8221;{}&#8221;][\/et_pb_divider][et_pb_text module_id=&#8221;mattalten&#8221; module_class=&#8221;tagged tagged-h6&#8243; _builder_version=&#8221;4.27.4&#8243; text_text_color=&#8221;#529AEE&#8221; custom_margin=&#8221;||0px||false|false&#8221; global_colors_info=&#8221;{}&#8221;]<\/p>\n<h6>F\u00f6rs\u00e4ljning<\/h6>\n<h2>Smidigt mellan aktiviteter<\/h2>\n<h5>V\u00e5rt ideella l\u00e4gerfik-team fixar goda m\u00e5ltider med stor variation. Det finns mat b\u00e5de med och utan k\u00f6tt och vi str\u00e4var efter att kunna erbjuda bra alternativ f\u00f6r allergiker. En v\u00e5ffla eller n\u00e5got fr\u00e5n grillen \u00e4r klassiska kv\u00e4llsm\u00e5ltider p\u00e5 l\u00e4ger. \u201dInget Frisksportl\u00e4ger utan l\u00e4gerv\u00e5ffla\u201d \u2013 finns det nog m\u00e5nga som s\u00e4ger!<\/h5>\n<p>[\/et_pb_text][et_pb_image src=&#8221;https:\/\/frisksportlager.se\/wp-content\/uploads\/2020\/02\/Ungdom_ater_artikel_desk-min.jpg&#8221; align=&#8221;center&#8221; _builder_version=&#8221;4.16&#8243; background_color=&#8221;#FFE995&#8243; width=&#8221;100%&#8221; locked=&#8221;off&#8221; global_colors_info=&#8221;{}&#8221;][\/et_pb_image][et_pb_image src=&#8221;https:\/\/frisksportlager.se\/2024\/wp-content\/uploads\/sites\/4\/2024\/02\/salladskal.png&#8221; title_text=&#8221;salladsk\u00e5l&#8221; _builder_version=&#8221;4.27.4&#8243; background_color=&#8221;#FFE995&#8243; width=&#8221;13%&#8221; width_tablet=&#8221;13%&#8221; width_phone=&#8221;15%&#8221; width_last_edited=&#8221;on|phone&#8221; custom_margin=&#8221;||||false|false&#8221; custom_css_main_element=&#8221;float: left;||clear: both;&#8221; locked=&#8221;off&#8221; global_colors_info=&#8221;{}&#8221;][\/et_pb_image][et_pb_text module_class=&#8221;averta-regular&#8221; _builder_version=&#8221;4.27.4&#8243; text_text_color=&#8221;#529AEE&#8221; custom_margin=&#8221;|||13%|false|false&#8221; custom_padding=&#8221;|||30px|false|false&#8221; hover_enabled=&#8221;0&#8243; locked=&#8221;off&#8221; global_colors_info=&#8221;{}&#8221; sticky_enabled=&#8221;0&#8243;]<\/p>\n<h4>Lunch, fika och gott!<\/h4>\n<h5>Vi s\u00e4ljer b\u00e5de luncher, mackor, fika, glass, frukt, snacks och dricka i v\u00e5rt fik! Vi jobbar mer sj\u00e4lvservering och fungerar ungef\u00e4r som en butik, d\u00e4r du plockar din mat och v\u00e4rmer sj\u00e4lv.<\/h5>\n<p>[\/et_pb_text][et_pb_image src=&#8221;https:\/\/frisksportlager.se\/2024\/wp-content\/uploads\/sites\/4\/2024\/02\/vaffeljarn.png&#8221; title_text=&#8221;vaffelj\u00e4rn&#8221; _builder_version=&#8221;4.27.4&#8243; background_color=&#8221;#FFE995&#8243; width=&#8221;13%&#8221; width_tablet=&#8221;13%&#8221; width_phone=&#8221;15%&#8221; width_last_edited=&#8221;on|phone&#8221; custom_margin=&#8221;||||false|false&#8221; custom_css_main_element=&#8221;float: left;||clear: both;&#8221; locked=&#8221;off&#8221; global_colors_info=&#8221;{}&#8221;][\/et_pb_image][et_pb_text module_class=&#8221;averta-regular&#8221; _builder_version=&#8221;4.27.4&#8243; text_text_color=&#8221;#529AEE&#8221; custom_margin=&#8221;|||13%|false|false&#8221; custom_padding=&#8221;|||30px|false|false&#8221; hover_enabled=&#8221;0&#8243; locked=&#8221;off&#8221; global_colors_info=&#8221;{}&#8221; sticky_enabled=&#8221;0&#8243;]<\/p>\n<h4>V\u00e5ffelt\u00e4ltet<\/h4>\n<h5>Inget l\u00e4ger utan v\u00e5ffla p\u00e5 kv\u00e4llen! Vi serverar klassiska v\u00e5fflor med lite olika topping, nygr\u00e4ddat s\u00e5klart! Vi str\u00e4var efter att ha olika alternativ f\u00f6r kostpreferenser och allergier, men fr\u00e5ga oss om du vill veta mer.<\/h5>\n<p>[\/et_pb_text][et_pb_image src=&#8221;https:\/\/frisksportlager.se\/2024\/wp-content\/uploads\/sites\/4\/2024\/02\/burgare.png&#8221; title_text=&#8221;burgare&#8221; _builder_version=&#8221;4.27.4&#8243; background_color=&#8221;#FFE995&#8243; width=&#8221;13%&#8221; width_tablet=&#8221;13%&#8221; width_phone=&#8221;15%&#8221; width_last_edited=&#8221;on|phone&#8221; custom_margin=&#8221;||||false|false&#8221; custom_css_main_element=&#8221;float: left;||clear: both;&#8221; locked=&#8221;off&#8221; global_colors_info=&#8221;{}&#8221;][\/et_pb_image][et_pb_text module_class=&#8221;averta-regular&#8221; _builder_version=&#8221;4.27.4&#8243; text_text_color=&#8221;#529AEE&#8221; custom_margin=&#8221;|||13%|false|false&#8221; custom_padding=&#8221;|||30px|false|false&#8221; hover_enabled=&#8221;0&#8243; locked=&#8221;off&#8221; global_colors_info=&#8221;{}&#8221; sticky_enabled=&#8221;0&#8243;]<\/p>\n<h4>L\u00e4gergrillen<\/h4>\n<h5>Vid v\u00e5r grill finns alternativ f\u00f6r olika smaker \u2013 korv och hamburgare. Vi str\u00e4var efter att ha n\u00e5got f\u00f6r alla kostbehov, som glutenfritt br\u00f6d, och sj\u00e4lvklart vegetariska alternativ.<\/h5>\n<p>[\/et_pb_text][et_pb_image src=&#8221;https:\/\/frisksportlager.se\/2024\/wp-content\/uploads\/sites\/4\/2024\/02\/lagereld.png&#8221; title_text=&#8221;lagereld&#8221; _builder_version=&#8221;4.27.4&#8243; background_color=&#8221;#FFE995&#8243; width=&#8221;13%&#8221; width_tablet=&#8221;13%&#8221; width_phone=&#8221;15%&#8221; width_last_edited=&#8221;on|phone&#8221; custom_margin=&#8221;||||false|false&#8221; custom_css_main_element=&#8221;float: left;||clear: both;&#8221; locked=&#8221;off&#8221; global_colors_info=&#8221;{}&#8221;][\/et_pb_image][et_pb_text module_class=&#8221;averta-regular&#8221; _builder_version=&#8221;4.27.4&#8243; text_text_color=&#8221;#529AEE&#8221; custom_margin=&#8221;|||13%|false|false&#8221; custom_padding=&#8221;3px|||30px|false|false&#8221; hover_enabled=&#8221;0&#8243; locked=&#8221;off&#8221; global_colors_info=&#8221;{}&#8221; sticky_enabled=&#8221;0&#8243;]<\/p>\n<h4>Annat i fiket<\/h4>\n<h5>Hos oss finns ocks\u00e5 m\u00f6jlighet att byta kylklampar mot en billig peng! H\u00e5ll kylv\u00e4skan i t\u00e4ltet sval med hj\u00e4lp av nya klampar varje dag. Dessutom kan du hitta en del annat i v\u00e5rt fik, till exempel frallor till frukosten.<\/h5>\n<p>[\/et_pb_text][\/et_pb_column][\/et_pb_row][et_pb_row disabled_on=&#8221;on|on|on&#8221; _builder_version=&#8221;4.27.4&#8243; disabled=&#8221;on&#8221; global_colors_info=&#8221;{}&#8221;][et_pb_column type=&#8221;4_4&#8243; _builder_version=&#8221;4.16&#8243; global_colors_info=&#8221;{}&#8221;][et_pb_text module_id=&#8221;om-lagermaten&#8221; module_class=&#8221;tagged tagged-h6&#8243; _builder_version=&#8221;4.27.4&#8243; text_text_color=&#8221;#529AEE&#8221; custom_margin=&#8221;||0px||false|false&#8221; inline_fonts=&#8221;Averta-Regular&#8221; global_colors_info=&#8221;{}&#8221;]<\/p>\n<h6>Om l\u00e4germaten<\/h6>\n<h2>Ett h\u00e5llbart t\u00e4nk med maten<\/h2>\n<h5><span>Maten \u00e4r l\u00e4grets st\u00f6rsta och kanske roligaste enskilda gren! Vi vill att d<\/span><span>et ska finnas variation och valfrihet i det vi levererar. Sj\u00e4lvklart vill vi ocks\u00e5 t\u00e4nka h\u00e5llbart, och det ska finnas n\u00e5got f\u00f6r alla.<\/span><\/h5>\n<h5><strong>Svenskt k\u00f6tt\u00a0<\/strong>&#8211; vi serverar bara svenskt k\u00f6tt, f\u00f6r att st\u00f6tta svenska b\u00f6nder och den b\u00e4sta djurh\u00e5llningen i v\u00e4rlden.<\/h5>\n<h5><strong>Gott om vego\u00a0<\/strong>&#8211; vi serverar gott om vegetariska r\u00e4tter f\u00f6r de som vill \u00e4ta lite gr\u00f6nare och v\u00e4rna om milj\u00f6n. Kom ih\u00e5g att f\u00f6ranm\u00e4la om du vill ha vegetariskt eller veganskt p\u00e5 frukost och middag. I fiket finns alltid vegetariskt alternativ!<span style=\"font-family: Averta-Regular; font-weight: normal;\"><\/span><\/h5>\n<h5><span><strong><span style=\"font-family: Averta-Regular;\">N\u00e5got f\u00f6r alla<\/span><\/strong> &#8211; v<\/span><span>i str\u00e4var efter att se till att alla l\u00e4gerdeltagare kan \u00e4ta och f\u00f6rs\u00f6ker planera efter olika behov och allergier. V\u00e5r frukost- och middagsservering erbjuder mat fri fr\u00e5n n\u00f6tter, vegetariskt, veganskt, mj\u00f6lkfritt eller glutenfritt om du anm\u00e4ler detta i god tid. Andra allergier kan vi tyv\u00e4rr inte tillgodose i denna stora servering.<\/span><\/h5>\n<h5><span>I fiket ser vi ocks\u00e5 till att l\u00f6sa de vanligaste allergierna. Har du n\u00e5gra allvarliga allergier och vet att du vill handla i l\u00e4gerfiket \u00e4r du v\u00e4lkommen att h\u00f6ra av dig till oss i f\u00f6rv\u00e4g s\u00e5 kan du f\u00e5 hj\u00e4lp att se vad vi kan erbjuda f\u00f6r dig. Det b\u00e4sta du kan g\u00f6ra f\u00f6r att f\u00f6rbereda oss \u00e4r att anm\u00e4la dig i god tid innan l\u00e4gret!<\/span><\/h5>\n<p>[\/et_pb_text][et_pb_image src=&#8221;https:\/\/frisksportlager.se\/wp-content\/uploads\/2020\/02\/Barn_korv_artikel_desk-min.jpg&#8221; align=&#8221;center&#8221; _builder_version=&#8221;4.16&#8243; background_color=&#8221;#FFE995&#8243; global_colors_info=&#8221;{}&#8221;][\/et_pb_image][\/et_pb_column][\/et_pb_row][et_pb_row _builder_version=&#8221;4.27.4&#8243; custom_margin=&#8221;0px||||false|false&#8221; custom_padding=&#8221;||0px||false|true&#8221; custom_padding_tablet=&#8221;0px||||false|true&#8221; locked=&#8221;off&#8221; global_colors_info=&#8221;{}&#8221;][et_pb_column type=&#8221;4_4&#8243; _builder_version=&#8221;4.16&#8243; global_colors_info=&#8221;{}&#8221;][et_pb_text disabled_on=&#8221;on|on|on&#8221; module_id=&#8221;funktionarer&#8221; module_class=&#8221;in-page-link&#8221; _builder_version=&#8221;4.16&#8243; text_text_color=&#8221;#529AEE&#8221; custom_margin=&#8221;0px||||false|false&#8221; custom_padding=&#8221;0px||||false|false&#8221; disabled=&#8221;on&#8221; global_colors_info=&#8221;{}&#8221;]<\/p>\n<h6>funktion\u00e4rer<\/h6>\n<h2>Teamet bakom l\u00e4gerfiket<\/h2>\n<h5><\/h5>\n<p>[\/et_pb_text][\/et_pb_column][\/et_pb_row][et_pb_row disabled_on=&#8221;on|on|on&#8221; _builder_version=&#8221;4.27.4&#8243; disabled=&#8221;on&#8221; global_colors_info=&#8221;{}&#8221;][et_pb_column type=&#8221;4_4&#8243; _builder_version=&#8221;4.16&#8243; global_colors_info=&#8221;{}&#8221;][et_pb_image src=&#8221;https:\/\/frisksportlager.se\/2024\/wp-content\/uploads\/sites\/4\/2024\/01\/cirkel_boende.png&#8221; title_text=&#8221;cirkel_boende&#8221; _builder_version=&#8221;4.22.2&#8243; background_color=&#8221;RGBA(255,255,255,0)&#8221; max_width=&#8221;180px&#8221; max_width_tablet=&#8221;160px&#8221; max_width_phone=&#8221;150px&#8221; max_width_last_edited=&#8221;on|phone&#8221; custom_css_main_element=&#8221;float: left;&#8221; border_radii=&#8221;on|150px|150px|150px|150px&#8221; global_colors_info=&#8221;{}&#8221;][\/et_pb_image][et_pb_text _builder_version=&#8221;4.16&#8243; text_text_color=&#8221;#529AEE&#8221; link_text_color=&#8221;#0080df&#8221; custom_margin=&#8221;|||180px|false|false&#8221; custom_margin_tablet=&#8221;|||160px|false|false&#8221; custom_margin_phone=&#8221;|||150px|false|false&#8221; custom_margin_last_edited=&#8221;on|phone&#8221; custom_padding=&#8221;|||40px|false|false&#8221; custom_padding_tablet=&#8221;|||30px|false|false&#8221; custom_padding_phone=&#8221;|||20px|false|false&#8221; custom_padding_last_edited=&#8221;on|desktop&#8221; global_colors_info=&#8221;{}&#8221;]<\/p>\n<h4>Susanne Lilja<\/h4>\n<h6>Matansvarig<\/h6>\n<h5>Maja \u00e4r ansvarig f\u00f6r helhetst\u00e4nket kring all mat under l\u00e4gret. Alltifr\u00e5n valet av r\u00e5varor, till servering till matsvinn och sophantering av matrester. Maja har en bakgrund inom stork\u00f6k och driver just nu en blogg om sitt brinnande intresse f\u00f6r hur maten p\u00e5verkar v\u00e5r h\u00e4lsa och milj\u00f6.<\/h5>\n<h5>N\u00e5gra av Majas favoritb\u00f6cker i \u00e4mnet \u00e4r \u201dFood Pharmacy\u201d och \u201dPortionen under tian\u201d.<\/h5>\n<h5>F\u00f6r mer info: <a href=\"http:\/\/www.majasblogg.se\">www.majasblogg.se<\/a><\/h5>\n<p>[\/et_pb_text][\/et_pb_column][\/et_pb_row][et_pb_row disabled_on=&#8221;on|on|on&#8221; _builder_version=&#8221;4.27.4&#8243; disabled=&#8221;on&#8221; global_colors_info=&#8221;{}&#8221;][et_pb_column type=&#8221;4_4&#8243; _builder_version=&#8221;4.16&#8243; global_colors_info=&#8221;{}&#8221;][et_pb_image src=&#8221;https:\/\/frisksportlager.se\/2024\/wp-content\/uploads\/sites\/4\/2024\/01\/cirkel_boende.png&#8221; title_text=&#8221;cirkel_boende&#8221; _builder_version=&#8221;4.22.2&#8243; background_color=&#8221;RGBA(255,255,255,0)&#8221; max_width=&#8221;180px&#8221; max_width_tablet=&#8221;160px&#8221; max_width_phone=&#8221;150px&#8221; max_width_last_edited=&#8221;on|phone&#8221; custom_css_main_element=&#8221;float: left;&#8221; border_radii=&#8221;on|150px|150px|150px|150px&#8221; global_colors_info=&#8221;{}&#8221;][\/et_pb_image][et_pb_text _builder_version=&#8221;4.16&#8243; text_text_color=&#8221;#529AEE&#8221; link_text_color=&#8221;#0080df&#8221; custom_margin=&#8221;|||180px|false|false&#8221; custom_margin_tablet=&#8221;|||160px|false|false&#8221; custom_margin_phone=&#8221;|||150px|false|false&#8221; custom_margin_last_edited=&#8221;on|phone&#8221; custom_padding=&#8221;|||40px|false|false&#8221; custom_padding_tablet=&#8221;|||30px|false|false&#8221; custom_padding_phone=&#8221;|||20px|false|false&#8221; custom_padding_last_edited=&#8221;on|desktop&#8221; global_colors_info=&#8221;{}&#8221;]<\/p>\n<h4>Karin Langseth<\/h4>\n<h6>Caf\u00e9ansvarig<\/h6>\n<h5>Maja \u00e4r ansvarig f\u00f6r helhetst\u00e4nket kring all mat under l\u00e4gret. Alltifr\u00e5n valet av r\u00e5varor, till servering till matsvinn och sophantering av matrester. Maja har en bakgrund inom stork\u00f6k och driver just nu en blogg om sitt brinnande intresse f\u00f6r hur maten p\u00e5verkar v\u00e5r h\u00e4lsa och milj\u00f6.<\/h5>\n<h5>N\u00e5gra av Majas favoritb\u00f6cker i \u00e4mnet \u00e4r \u201dFood Pharmacy\u201d och \u201dPortionen under tian\u201d.<\/h5>\n<h5>F\u00f6r mer info: www.majasblogg.se<\/h5>\n<p>[\/et_pb_text][\/et_pb_column][\/et_pb_row][et_pb_row disabled_on=&#8221;on|on|on&#8221; _builder_version=&#8221;4.27.4&#8243; custom_margin=&#8221;||||false|false&#8221; custom_padding=&#8221;||||false|false&#8221; custom_padding_tablet=&#8221;||0px||false|false&#8221; custom_padding_phone=&#8221;|15px|0px|15px|false|true&#8221; disabled=&#8221;on&#8221; locked=&#8221;off&#8221; global_colors_info=&#8221;{}&#8221;][et_pb_column type=&#8221;4_4&#8243; _builder_version=&#8221;4.16&#8243; global_colors_info=&#8221;{}&#8221;][et_pb_divider color=&#8221;#061466&#8243; _builder_version=&#8221;4.16&#8243; custom_margin=&#8221;||0px||false|false&#8221; border_color_all=&#8221;#061466&#8243; global_colors_info=&#8221;{}&#8221;][\/et_pb_divider][et_pb_image src=&#8221;@ET-DC@eyJkeW5hbWljIjp0cnVlLCJjb250ZW50IjoicG9zdF9hdXRob3JfcHJvZmlsZV9waWN0dXJlIiwic2V0dGluZ3MiOnt9fQ==@&#8221; disabled_on=&#8221;off|off|off&#8221; _builder_version=&#8221;4.22.2&#8243; _dynamic_attributes=&#8221;src&#8221; background_color=&#8221;RGBA(255,255,255,0)&#8221; max_width=&#8221;80px&#8221; custom_margin=&#8221;|15px|||false|false&#8221; custom_padding=&#8221;||||false|false&#8221; custom_css_main_element=&#8221;float: left;||clear: left;&#8221; border_radii=&#8221;on|50%|50%|50%|50%&#8221; locked=&#8221;off&#8221; global_colors_info=&#8221;{}&#8221;][\/et_pb_image][et_pb_text _builder_version=&#8221;4.16&#8243; text_text_color=&#8221;#529AEE&#8221; text_line_height=&#8221;0.7em&#8221; header_4_letter_spacing=&#8221;0.8px&#8221; custom_margin=&#8221;15px||0px||false|false&#8221; custom_padding=&#8221;0px||0px||false|false&#8221; custom_css_main_element=&#8221;float:left;&#8221; global_colors_info=&#8221;{}&#8221;]<\/p>\n<h4>Susanne Lilja<\/h4>\n<h6>Matansvarig<\/h6>\n<p>[\/et_pb_text][et_pb_text disabled_on=&#8221;off|off|off&#8221; module_class=&#8221;averta-extra-bold&#8221; _builder_version=&#8221;4.22.2&#8243; text_font=&#8221;|||on|||||&#8221; text_text_color=&#8221;#529AEE&#8221; text_letter_spacing=&#8221;1.51px&#8221; text_orientation=&#8221;center&#8221; max_width=&#8221;180px&#8221; custom_margin=&#8221;15px||||false|false&#8221; custom_padding=&#8221;10px|18px|10px|18px|true|true&#8221; link_option_url=&#8221;https:\/\/frisksportlager.se\/kontakt\/#mat&#8221; custom_css_main_element=&#8221;float: right;&#8221; border_width_all=&#8221;2px&#8221; border_color_all=&#8221;#529AEE&#8221; locked=&#8221;off&#8221; global_colors_info=&#8221;{}&#8221;]<\/p>\n<p>Fr\u00e5gor?<\/p>\n<p>[\/et_pb_text][et_pb_divider show_divider=&#8221;off&#8221; admin_label=&#8221;Osynlig stop-avdelare f\u00f6r sticky menyn&#8221; module_id=&#8221;stop&#8221; _builder_version=&#8221;4.16&#8243; custom_margin=&#8221;80px||||false|false&#8221; global_colors_info=&#8221;{}&#8221;][\/et_pb_divider][\/et_pb_column][\/et_pb_row][\/et_pb_section]<\/p>\n","protected":false},"excerpt":{"rendered":"<p>F\u00f6rs\u00e4ljning Smidigt mellan aktiviteter V\u00e5rt ideella l\u00e4gerfik-team fixar goda m\u00e5ltider med stor variation. Det finns mat b\u00e5de med och utan k\u00f6tt och vi str\u00e4var efter att kunna erbjuda bra alternativ f\u00f6r allergiker. En v\u00e5ffla eller n\u00e5got fr\u00e5n grillen \u00e4r klassiska kv\u00e4llsm\u00e5ltider p\u00e5 l\u00e4ger. \u201dInget Frisksportl\u00e4ger utan l\u00e4gerv\u00e5ffla\u201d \u2013 finns det nog m\u00e5nga som s\u00e4ger!Lunch, fika [&hellip;]<\/p>\n","protected":false},"author":9,"featured_media":0,"parent":0,"menu_order":0,"comment_status":"closed","ping_status":"closed","template":"","meta":{"_acf_changed":false,"_et_pb_use_builder":"on","_et_pb_old_content":"","_et_gb_content_width":"","_lmt_disableupdate":"no","_lmt_disable":"","_view_id":"","footnotes":""},"class_list":["post-1837","page","type-page","status-publish","hentry"],"acf":[],"_links":{"self":[{"href":"https:\/\/frisksportlager.se\/2026\/wp-json\/wp\/v2\/pages\/1837","targetHints":{"allow":["GET"]}}],"collection":[{"href":"https:\/\/frisksportlager.se\/2026\/wp-json\/wp\/v2\/pages"}],"about":[{"href":"https:\/\/frisksportlager.se\/2026\/wp-json\/wp\/v2\/types\/page"}],"author":[{"embeddable":true,"href":"https:\/\/frisksportlager.se\/2026\/wp-json\/wp\/v2\/users\/9"}],"replies":[{"embeddable":true,"href":"https:\/\/frisksportlager.se\/2026\/wp-json\/wp\/v2\/comments?post=1837"}],"version-history":[{"count":9,"href":"https:\/\/frisksportlager.se\/2026\/wp-json\/wp\/v2\/pages\/1837\/revisions"}],"predecessor-version":[{"id":2075,"href":"https:\/\/frisksportlager.se\/2026\/wp-json\/wp\/v2\/pages\/1837\/revisions\/2075"}],"wp:attachment":[{"href":"https:\/\/frisksportlager.se\/2026\/wp-json\/wp\/v2\/media?parent=1837"}],"curies":[{"name":"wp","href":"https:\/\/api.w.org\/{rel}","templated":true}]}}