{"id":117,"date":"2024-02-26T08:58:20","date_gmt":"2024-02-26T07:58:20","guid":{"rendered":"https:\/\/frisksportlager.se\/2026\/?page_id=117"},"modified":"2026-04-19T10:04:28","modified_gmt":"2026-04-19T08:04:28","slug":"ungdom","status":"publish","type":"page","link":"https:\/\/frisksportlager.se\/2026\/aktiviteter\/ungdom\/","title":{"rendered":"Ungdom"},"content":{"rendered":"<p>[et_pb_section fb_built=&#8221;1&#8243; _builder_version=&#8221;4.16&#8243; custom_margin=&#8221;||||false|false&#8221; custom_padding=&#8221;||0px||false|false&#8221; locked=&#8221;off&#8221; global_colors_info=&#8221;{}&#8221;][et_pb_row admin_label=&#8221;Egen camping&#8221; module_id=&#8221;egen-camping&#8221; _builder_version=&#8221;4.27.4&#8243; custom_padding=&#8221;||0px||false|true&#8221; global_colors_info=&#8221;{}&#8221;][et_pb_column type=&#8221;4_4&#8243; _builder_version=&#8221;4.16&#8243; global_colors_info=&#8221;{}&#8221;][et_pb_divider color=&#8221;#061466&#8243; _builder_version=&#8221;4.16&#8243; custom_padding=&#8221;||||false|false&#8221; global_colors_info=&#8221;{}&#8221;][\/et_pb_divider][et_pb_text module_class=&#8221;tagged tagged-h6&#8243; _builder_version=&#8221;4.27.4&#8243; custom_padding=&#8221;||40px||false|false&#8221; global_colors_info=&#8221;{}&#8221;]<\/p>\n<h6>Ungdomsl\u00e4ger<\/h6>\n<h2>Bo i Ungdomsl\u00e4gret<\/h2>\n<h5>F\u00f6r ungdomar finns en helt egen l\u00e4geryta och egna programpunkter! Ungdomsaktiviteterna planeras och genomf\u00f6rs av ett h\u00e4rligt g\u00e4ng unga ledare, som planerar tillsammans under v\u00e5ren innan l\u00e4gret. Vi har flera (i m\u00e5nga fall lite galna) programpunkter under veckan och vi hittar p\u00e5 en del spontana aktiviteter i v\u00e5rt eget ungdomst\u00e4lt. Vi \u00e4r bra p\u00e5 att ta hand om varandra och se till att alla kan l\u00e4ra k\u00e4nna n\u00e5gon ny. V\u00e4lkommen att vara med i ungdomsg\u00e4nget p\u00e5 l\u00e4gret!<\/h5>\n<p>[\/et_pb_text][\/et_pb_column][\/et_pb_row][et_pb_row _builder_version=&#8221;4.27.4&#8243; custom_margin=&#8221;||||false|false&#8221; custom_padding=&#8221;||0px||false|true&#8221; locked=&#8221;off&#8221; global_colors_info=&#8221;{}&#8221;][et_pb_column type=&#8221;4_4&#8243; _builder_version=&#8221;4.16&#8243; global_colors_info=&#8221;{}&#8221; custom_css_main_element_last_edited=&#8221;on|phone&#8221; custom_css_main_element_tablet=&#8221;order: 2;&#8221; custom_css_main_element_phone=&#8221;order: 2;&#8221;][et_pb_image src=&#8221;https:\/\/frisksportlager.se\/2026\/wp-content\/uploads\/sites\/9\/2024\/02\/keps.png&#8221; title_text=&#8221;keps&#8221; _builder_version=&#8221;4.27.4&#8243; background_color=&#8221;#FFE995&#8243; width=&#8221;13%&#8221; width_tablet=&#8221;13%&#8221; width_phone=&#8221;15%&#8221; width_last_edited=&#8221;on|phone&#8221; custom_margin=&#8221;||||false|false&#8221; custom_css_main_element=&#8221;float: left;||clear: both;&#8221; locked=&#8221;off&#8221; global_colors_info=&#8221;{}&#8221;][\/et_pb_image][et_pb_text module_class=&#8221;averta-regular&#8221; _builder_version=&#8221;4.27.4&#8243; text_text_color=&#8221;#529AEE&#8221; custom_margin=&#8221;|||13%|false|false&#8221; custom_padding=&#8221;|||30px|false|false&#8221; locked=&#8221;off&#8221; global_colors_info=&#8221;{}&#8221;]<\/p>\n<h4>Ungdomscampingen<\/h4>\n<h5>Du som har fyllt 13 \u00e5r kan v\u00e4lja att bo i Ungdomsl\u00e4gret. Det \u00e4r en campingyta d\u00e4r ungdomar kan bo tillsammans med andra i samma \u00e5lder. Vissa kommer till l\u00e4gret utan att k\u00e4nna n\u00e5gon och d\u00e5 \u00e4r det kul att kunna bo i samma omr\u00e5de som andra ungdomar och f\u00e5 chans att l\u00e4ra k\u00e4nna nya personer.<\/h5>\n<p>[\/et_pb_text][et_pb_image src=&#8221;https:\/\/frisksportlager.se\/2026\/wp-content\/uploads\/sites\/9\/2024\/02\/talt.png&#8221; title_text=&#8221;talt&#8221; _builder_version=&#8221;4.27.4&#8243; background_color=&#8221;#FFE995&#8243; width=&#8221;13%&#8221; width_tablet=&#8221;13%&#8221; width_phone=&#8221;15%&#8221; width_last_edited=&#8221;on|phone&#8221; custom_margin=&#8221;||||false|false&#8221; custom_css_main_element=&#8221;float: left;||clear: both;&#8221; locked=&#8221;off&#8221; global_colors_info=&#8221;{}&#8221;][\/et_pb_image][et_pb_text module_class=&#8221;averta-regular&#8221; _builder_version=&#8221;4.27.4&#8243; text_text_color=&#8221;#529AEE&#8221; custom_margin=&#8221;|||13%|false|false&#8221; custom_padding=&#8221;|||30px|false|false&#8221; locked=&#8221;off&#8221; global_colors_info=&#8221;{}&#8221;]<\/p>\n<h4>T\u00e4lta<\/h4>\n<h5>P\u00e5 ungdomsl\u00e4gret bor vi i t\u00e4lt (som du tar med dig sj\u00e4lv) s\u00e5 ta med dig varma kl\u00e4der och en sk\u00f6n sovs\u00e4ck, med liggunderlag eller luftmadrass s\u00e5 f\u00e5r det bekv\u00e4mt och sipper frysa. Eftersom vi b\u00e5de tr\u00e4nar och badar mycket \u00e4r det inte dumt att ha tv\u00e5 handdukar med sig s\u00e5 att det alltid finns en torr n\u00e4r det beh\u00f6vs. Gl\u00f6m inte att ta med gummist\u00f6vlar och regnst\u00e4ll!<\/h5>\n<p>[\/et_pb_text][et_pb_image src=&#8221;https:\/\/frisksportlager.se\/2026\/wp-content\/uploads\/sites\/9\/2024\/02\/burgare.png&#8221; title_text=&#8221;burgare&#8221; _builder_version=&#8221;4.27.4&#8243; background_color=&#8221;#FFE995&#8243; width=&#8221;13%&#8221; width_tablet=&#8221;13%&#8221; width_phone=&#8221;15%&#8221; width_last_edited=&#8221;on|phone&#8221; custom_margin=&#8221;||||false|false&#8221; custom_css_main_element=&#8221;float: left;||clear: both;&#8221; locked=&#8221;off&#8221; global_colors_info=&#8221;{}&#8221;][\/et_pb_image][et_pb_text module_class=&#8221;averta-regular&#8221; _builder_version=&#8221;4.27.4&#8243; text_text_color=&#8221;#529AEE&#8221; custom_margin=&#8221;|||13%|false|false&#8221; custom_padding=&#8221;|||30px|false|false&#8221; locked=&#8221;off&#8221; global_colors_info=&#8221;{}&#8221;]<\/p>\n<h4>Mat i ungdomsl\u00e4gret<\/h4>\n<h5>M\u00e5nga ungdomar bokar frukost och middag i samband med anm\u00e4lan, s\u00e5 kan man g\u00e5 och \u00e4ta med kompisar. Det \u00e4r s\u00e5klart ocks\u00e5 m\u00f6jligt att laga mat vid ditt t\u00e4lt. Lunch finns inte att boka, s\u00e5 den kan du laga sj\u00e4lv eller k\u00f6pa i l\u00e4gerfiket. Det finns \u00e4ven grill, caf\u00e9 och v\u00e5fflor att handla till middag. I ungdomst\u00e4ltet brukar vi se till att det finns micro och vattenkokare till mellanm\u00e5l eller om du k\u00f6per n\u00e5got i aff\u00e4ren att v\u00e4rma.<\/h5>\n<p>[\/et_pb_text][et_pb_image src=&#8221;https:\/\/frisksportlager.se\/wp-content\/uploads\/2020\/02\/Ungdomar_talt_artikel_desk-min.jpg&#8221; src_tablet=&#8221;https:\/\/frisksportlager.se\/wp-content\/uploads\/2020\/02\/Ungdomar_talt_artikel_mob-min.jpg&#8221; src_phone=&#8221;https:\/\/frisksportlager.se\/wp-content\/uploads\/2020\/02\/Ungdomar_talt_artikel_mob-min.jpg&#8221; src_last_edited=&#8221;on|phone&#8221; admin_label=&#8221;Bild&#8221; _builder_version=&#8221;4.27.4&#8243; custom_margin=&#8221;||0px||false|false&#8221; custom_padding=&#8221;||0px||false|false&#8221; locked=&#8221;off&#8221; global_colors_info=&#8221;{}&#8221;][\/et_pb_image][\/et_pb_column][\/et_pb_row][et_pb_row admin_label=&#8221;Ungdomst\u00e4ltet&#8221; module_id=&#8221;ungdomstaltet&#8221; _builder_version=&#8221;4.27.4&#8243; _module_preset=&#8221;default&#8221; global_colors_info=&#8221;{}&#8221;][et_pb_column type=&#8221;4_4&#8243; _builder_version=&#8221;4.27.4&#8243; _module_preset=&#8221;default&#8221; global_colors_info=&#8221;{}&#8221;][et_pb_divider _builder_version=&#8221;4.27.4&#8243; _module_preset=&#8221;default&#8221; global_colors_info=&#8221;{}&#8221;][\/et_pb_divider][et_pb_text admin_label=&#8221;Text&#8221; module_class=&#8221;tagged tagged-h2&#8243; _builder_version=&#8221;4.27.4&#8243; custom_margin=&#8221;||20px||false|false&#8221; global_colors_info=&#8221;{}&#8221;]<\/p>\n<h6>Eget t\u00e4lt<\/h6>\n<h2>Ungdomst\u00e4ltet<\/h2>\n<h5>I v\u00e5rt eget ungdomst\u00e4lt finns plats f\u00f6r b\u00e5de aktiviteter och f\u00f6r sk\u00f6nt h\u00e4ng. Du som inte varit p\u00e5 Frisksportl\u00e4ger f\u00f6rut \u2013 h\u00e4r \u00e4r platsen d\u00e4r du f\u00e5r tr\u00e4ffa andra unga, kan ladda mobilen, f\u00e5r info om aktiviteter och kan spela spel, h\u00e4nga och snacka med andra. Vi i ungdomsl\u00e4gret ordnar lite egna aktiviteter centrerade kring ungdomsl\u00e4gret, f\u00f6rutom de som finns i programmet. Vi har ocks\u00e5 en egen anslagstavla d\u00e4r du kan anm\u00e4la dig till vissa ungdomsaktiviteter. S\u00e4rskilt kv\u00e4llstid brukar det vara fullt av folk som spelar spel och snackar.<\/h5>\n<p>[\/et_pb_text][et_pb_image src=&#8221;https:\/\/frisksportlager.se\/2026\/wp-content\/uploads\/sites\/9\/2024\/12\/Aktuellt-o-ovrigt-1250&#215;500-2-2.png&#8221; title_text=&#8221;Aktuellt o \u00f6vrigt 1250&#215;500-2&#8243; src_tablet=&#8221;https:\/\/frisksportlager.se\/wp-content\/uploads\/2020\/02\/Ungdomar_talt_artikel_mob-min.jpg&#8221; src_phone=&#8221;https:\/\/frisksportlager.se\/wp-content\/uploads\/2020\/02\/Ungdomar_talt_artikel_mob-min.jpg&#8221; src_last_edited=&#8221;on|phone&#8221; admin_label=&#8221;Bild&#8221; _builder_version=&#8221;4.27.4&#8243; custom_margin=&#8221;||0px||false|false&#8221; custom_padding=&#8221;||0px||false|false&#8221; global_colors_info=&#8221;{}&#8221;][\/et_pb_image][\/et_pb_column][\/et_pb_row][et_pb_row make_equal=&#8221;on&#8221; admin_label=&#8221;Om ungdomsverksamheten&#8221; module_id=&#8221;populart&#8221; module_class=&#8221;fs25-popular-aktivitet&#8221; _builder_version=&#8221;4.27.4&#8243; custom_margin=&#8221;0px||0px||false|false&#8221; custom_padding=&#8221;0px||0px||false|false&#8221; locked=&#8221;off&#8221; global_colors_info=&#8221;{}&#8221;][et_pb_column type=&#8221;4_4&#8243; _builder_version=&#8221;4.27.4&#8243; global_colors_info=&#8221;{}&#8221;][et_pb_divider _builder_version=&#8221;4.27.4&#8243; _module_preset=&#8221;default&#8221; global_colors_info=&#8221;{}&#8221;][\/et_pb_divider][et_pb_text module_class=&#8221;tagged tagged-h6&#8243; _builder_version=&#8221;4.27.4&#8243; custom_margin=&#8221;0px||0px||false|false&#8221; custom_padding=&#8221;||0px||false|false&#8221; global_colors_info=&#8221;{}&#8221;]<\/p>\n<h6>Om ungdomsverksamheten<\/h6>\n<h2>Popul\u00e4rt bland ungdomar<\/h2>\n<p>[\/et_pb_text][\/et_pb_column][\/et_pb_row][et_pb_row column_structure=&#8221;1_2,1_2&#8243; make_equal=&#8221;on&#8221; admin_label=&#8221;Om ungdomsverksamheten &#8211; Popul\u00e4r aktivitet&#8221; module_id=&#8221;fs25-popular-aktivitet&#8221; _builder_version=&#8221;4.27.4&#8243; custom_margin=&#8221;0px||0px||false|false&#8221; custom_padding=&#8221;0px||0px||false|false&#8221; locked=&#8221;off&#8221; global_colors_info=&#8221;{}&#8221;][et_pb_column type=&#8221;1_2&#8243; _builder_version=&#8221;4.27.4&#8243; custom_padding=&#8221;||0px||false|false&#8221; global_colors_info=&#8221;{}&#8221;][et_pb_image src=&#8221;https:\/\/frisksportlager.se\/2026\/wp-content\/uploads\/sites\/9\/2024\/02\/vattenflaska.png&#8221; title_text=&#8221;vattenflaska&#8221; _builder_version=&#8221;4.27.4&#8243; background_color=&#8221;RGBA(255,255,255,0)&#8221; width=&#8221;13%&#8221; width_tablet=&#8221;13%&#8221; width_phone=&#8221;15%&#8221; width_last_edited=&#8221;on|phone&#8221; custom_margin=&#8221;||||false|false&#8221; custom_css_main_element=&#8221;float: left;||clear: both;&#8221; global_colors_info=&#8221;{}&#8221;][\/et_pb_image][\/et_pb_column][et_pb_column type=&#8221;1_2&#8243; _builder_version=&#8221;4.27.4&#8243; _module_preset=&#8221;default&#8221; global_colors_info=&#8221;{}&#8221;][et_pb_text admin_label=&#8221;Text&#8221; module_class=&#8221;averta-regular&#8221; _builder_version=&#8221;4.27.6&#8243; module_alignment=&#8221;left&#8221; custom_margin=&#8221;|||13%|false|false&#8221; custom_padding=&#8221;|||30px|false|false&#8221; hover_enabled=&#8221;0&#8243; global_colors_info=&#8221;{}&#8221; sticky_enabled=&#8221;0&#8243;]<\/p>\n<p>Dagliga aktiviteter! Varje dag ordnas n\u00e5gon lek eller t\u00e4vling s\u00e4rsklit f\u00f6r ungdomar och vi avslutar alltid dagen med kv\u00e4llsh\u00e4ng i ungdomst\u00e4ltet med aktiviteter.\u00a0<\/p>\n<p>[\/et_pb_text][\/et_pb_column][\/et_pb_row][et_pb_row column_structure=&#8221;1_2,1_2&#8243; make_equal=&#8221;on&#8221; admin_label=&#8221;Om ungdomsverksamheten &#8211; Popul\u00e4r aktivitet&#8221; module_id=&#8221;fs25-popular-aktivitet&#8221; _builder_version=&#8221;4.27.4&#8243; custom_margin=&#8221;0px||0px||false|false&#8221; custom_padding=&#8221;0px||0px||false|false&#8221; locked=&#8221;off&#8221; global_colors_info=&#8221;{}&#8221;][et_pb_column type=&#8221;1_2&#8243; _builder_version=&#8221;4.27.4&#8243; custom_padding=&#8221;||0px||false|false&#8221; global_colors_info=&#8221;{}&#8221;][et_pb_image src=&#8221;https:\/\/frisksportlager.se\/2026\/wp-content\/uploads\/sites\/9\/2024\/02\/mickrofon.png&#8221; title_text=&#8221;mickrofon&#8221; _builder_version=&#8221;4.27.4&#8243; background_color=&#8221;RGBA(255,255,255,0)&#8221; width=&#8221;13%&#8221; width_tablet=&#8221;13%&#8221; width_phone=&#8221;15%&#8221; width_last_edited=&#8221;on|phone&#8221; custom_margin=&#8221;||||false|false&#8221; custom_css_main_element=&#8221;float: left;||clear: both;&#8221; global_colors_info=&#8221;{}&#8221;][\/et_pb_image][\/et_pb_column][et_pb_column type=&#8221;1_2&#8243; _builder_version=&#8221;4.27.4&#8243; _module_preset=&#8221;default&#8221; global_colors_info=&#8221;{}&#8221;][et_pb_text admin_label=&#8221;Text&#8221; module_class=&#8221;averta-regular&#8221; _builder_version=&#8221;4.27.6&#8243; module_alignment=&#8221;left&#8221; custom_margin=&#8221;|||13%|false|false&#8221; custom_padding=&#8221;|||30px|false|false&#8221; hover_enabled=&#8221;0&#8243; global_colors_info=&#8221;{}&#8221; sticky_enabled=&#8221;0&#8243;]<\/p>\n<p>&#8221;Sjuka lekar&#8221; ordnas varje kv\u00e4ll kl sju minuter \u00f6ver sju! Passa p\u00e5 att prova riktigt knasiga t\u00e4vlingar eller kom och titta p\u00e5 n\u00e4r andra t\u00e4vlar! Det kan finnas risk f\u00f6r s\u00e5pa&#8230;<\/p>\n<p>[\/et_pb_text][\/et_pb_column][\/et_pb_row][et_pb_row column_structure=&#8221;1_2,1_2&#8243; make_equal=&#8221;on&#8221; admin_label=&#8221;Om ungdomsverksamheten &#8211; Popul\u00e4r aktivitet&#8221; module_id=&#8221;fs25-popular-aktivitet&#8221; _builder_version=&#8221;4.27.4&#8243; custom_margin=&#8221;0px||0px||false|false&#8221; custom_padding=&#8221;0px||0px||false|false&#8221; locked=&#8221;off&#8221; global_colors_info=&#8221;{}&#8221;][et_pb_column type=&#8221;1_2&#8243; _builder_version=&#8221;4.27.4&#8243; custom_padding=&#8221;||0px||false|false&#8221; global_colors_info=&#8221;{}&#8221;][et_pb_image src=&#8221;https:\/\/frisksportlager.se\/2026\/wp-content\/uploads\/sites\/9\/2024\/02\/volleyboll.png&#8221; title_text=&#8221;volleyboll&#8221; _builder_version=&#8221;4.27.4&#8243; background_color=&#8221;RGBA(255,255,255,0)&#8221; width=&#8221;13%&#8221; width_tablet=&#8221;13%&#8221; width_phone=&#8221;15%&#8221; width_last_edited=&#8221;on|phone&#8221; custom_margin=&#8221;||||false|false&#8221; custom_css_main_element=&#8221;float: left;||clear: both;&#8221; global_colors_info=&#8221;{}&#8221;][\/et_pb_image][\/et_pb_column][et_pb_column type=&#8221;1_2&#8243; _builder_version=&#8221;4.27.4&#8243; _module_preset=&#8221;default&#8221; global_colors_info=&#8221;{}&#8221;][et_pb_text module_class=&#8221;averta-regular&#8221; _builder_version=&#8221;4.27.4&#8243; module_alignment=&#8221;left&#8221; custom_margin=&#8221;|||13%|false|false&#8221; custom_padding=&#8221;|||30px|false|false&#8221; global_colors_info=&#8221;{}&#8221;]<\/p>\n<p>T\u00e4vlingar som ungdomsvolleyboll och ungdomsstafett \u00e4r popul\u00e4rt! \u00c4ven m\u00e5ngkampen brukar vara poppis bland ungdomar.<\/p>\n<p>[\/et_pb_text][\/et_pb_column][\/et_pb_row][et_pb_row admin_label=&#8221;Tradition&#8221; module_id=&#8221;traditioner&#8221; _builder_version=&#8221;4.27.4&#8243; custom_padding=&#8221;||0px||false|true&#8221; global_colors_info=&#8221;{}&#8221;][et_pb_column type=&#8221;4_4&#8243; _builder_version=&#8221;4.16&#8243; global_colors_info=&#8221;{}&#8221;][et_pb_divider color=&#8221;#061466&#8243; _builder_version=&#8221;4.16&#8243; custom_padding=&#8221;||||false|false&#8221; global_colors_info=&#8221;{}&#8221;][\/et_pb_divider][et_pb_text module_class=&#8221;tagged tagged-h6&#8243; _builder_version=&#8221;4.27.4&#8243; custom_padding=&#8221;||||false|false&#8221; global_colors_info=&#8221;{}&#8221;]<\/p>\n<h6>Tradition<\/h6>\n<h2>Nya v\u00e4nner och eget avslut<\/h2>\n<h5>M\u00e5nga aktiviteter har blivit tradition i ungdomsl\u00e4gret! Sp\u00f6krunda, sjuka lekar, och sista kv\u00e4llen med g\u00e4nget. Sista l\u00e4gerkv\u00e4llen f\u00e5r du inte missa \u2013 d\u00e5 stannar vi uppe hela natten och tittar p\u00e5 soluppg\u00e5ngen tillsammans.\u00a0<\/h5>\n<p>[\/et_pb_text][et_pb_image src=&#8221;https:\/\/frisksportlager.se\/2026\/wp-content\/uploads\/sites\/9\/2025\/10\/Ungdomarpalager.png&#8221; title_text=&#8221;Ungdomarpa\u030ala\u0308ger&#8221; _builder_version=&#8221;4.27.4&#8243; _module_preset=&#8221;default&#8221; global_colors_info=&#8221;{}&#8221;][\/et_pb_image][\/et_pb_column][\/et_pb_row][et_pb_row _builder_version=&#8221;4.27.4&#8243; custom_padding=&#8221;||0px||false|true&#8221; global_colors_info=&#8221;{}&#8221;][et_pb_column type=&#8221;4_4&#8243; _builder_version=&#8221;4.16&#8243; global_colors_info=&#8221;{}&#8221;][et_pb_divider color=&#8221;#061466&#8243; disabled_on=&#8221;on|on|on&#8221; _builder_version=&#8221;4.16&#8243; custom_padding=&#8221;||||false|false&#8221; disabled=&#8221;on&#8221; global_colors_info=&#8221;{}&#8221;][\/et_pb_divider][et_pb_text disabled_on=&#8221;on|on|on&#8221; module_class=&#8221;tagged tagged-h6&#8243; _builder_version=&#8221;4.27.4&#8243; custom_padding=&#8221;||||false|false&#8221; disabled=&#8221;on&#8221; global_colors_info=&#8221;{}&#8221;]<\/p>\n<h6>Bra pris<\/h6>\n<h2>Ungdomspaket<\/h2>\n<h5>F\u00f6r ungdomar finns ett mycket bra paketpris p\u00e5 l\u00e4geravgift, frukost och middag. Det heter &#8221;Ungdomspaketet&#8221; och kostar 1 700 kr f\u00f6r hela veckan! N\u00e4r du anm\u00e4ler dig till l\u00e4gret fyller du i vilka dagar du kommer att vara p\u00e5 l\u00e4gret och n\u00e4r du vill \u00e4ta s\u00e5 r\u00e4knar anm\u00e4lningsformul\u00e4ret automatiskt ut s\u00e5 att du inte betalar mer \u00e4n vad ungdomspaketet kostar. Du m\u00e5ste anm\u00e4la dig senast 22 juni f\u00f6r att kunna k\u00f6pa Ungdomspaketet.<\/h5>\n<p>[\/et_pb_text][\/et_pb_column][\/et_pb_row][et_pb_row column_structure=&#8221;2_3,1_3&#8243; disabled_on=&#8221;on|on|on&#8221; _builder_version=&#8221;4.16&#8243; custom_margin=&#8221;2px|auto||auto|false|false&#8221; custom_padding=&#8221;0px||0px||false|true&#8221; custom_padding_tablet=&#8221;||0px||false|true&#8221; custom_padding_phone=&#8221;|15px|0px|15px|false|true&#8221; disabled=&#8221;on&#8221; global_colors_info=&#8221;{}&#8221;][et_pb_column type=&#8221;2_3&#8243; _builder_version=&#8221;4.16&#8243; global_colors_info=&#8221;{}&#8221;][et_pb_divider color=&#8221;#061466&#8243; _builder_version=&#8221;4.16&#8243; custom_padding=&#8221;25px||||false|false&#8221; global_colors_info=&#8221;{}&#8221;][\/et_pb_divider][et_pb_text module_class=&#8221;tagged tagged-h6&#8243; _builder_version=&#8221;4.22.2&#8243; custom_margin=&#8221;||15px||false|false&#8221; custom_padding=&#8221;||||false|false&#8221; global_colors_info=&#8221;{}&#8221;]<\/p>\n<h6>Ungdomsaktiviteter<\/h6>\n<h2>Mycket att v\u00e4lja mellan<\/h2>\n<p>[\/et_pb_text][et_pb_image src=&#8221;https:\/\/frisksportlager.se\/2026\/wp-content\/uploads\/sites\/9\/2024\/02\/mickrofon.png&#8221; title_text=&#8221;mickrofon&#8221; _builder_version=&#8221;4.22.2&#8243; background_color=&#8221;#FFE995&#8243; width=&#8221;80px&#8221; custom_margin=&#8221;||||false|false&#8221; custom_css_main_element=&#8221;float: left;||clear: both;&#8221; locked=&#8221;off&#8221; global_colors_info=&#8221;{}&#8221;][\/et_pb_image][et_pb_text module_class=&#8221;averta-regular&#8221; _builder_version=&#8221;4.16&#8243; custom_margin=&#8221;|||80px|false|false&#8221; custom_padding=&#8221;0px|||40px|false|false&#8221; global_colors_info=&#8221;{}&#8221;]<\/p>\n<h4>Intressanta f\u00f6rel\u00e4sningar<\/h4>\n<h5>&#8211; Driva f\u00f6rening<br \/> &#8211; Hur f\u00f6r\u00e4ndrar jag v\u00e4rlden?<\/h5>\n<p>[\/et_pb_text][et_pb_image src=&#8221;https:\/\/frisksportlager.se\/2026\/wp-content\/uploads\/sites\/9\/2024\/02\/penna.png&#8221; title_text=&#8221;penna&#8221; _builder_version=&#8221;4.22.2&#8243; background_color=&#8221;#FFE995&#8243; width=&#8221;80px&#8221; custom_margin=&#8221;||||false|false&#8221; custom_css_main_element=&#8221;float: left;||clear: left;&#8221; locked=&#8221;off&#8221; global_colors_info=&#8221;{}&#8221;][\/et_pb_image][et_pb_text module_class=&#8221;averta-regular&#8221; _builder_version=&#8221;4.16&#8243; custom_margin=&#8221;|||80px|false|false&#8221; custom_padding=&#8221;|||40px|false|false&#8221; global_colors_info=&#8221;{}&#8221;]<\/p>\n<h4>Kurser och workshops<\/h4>\n<h5>&#8211; G\u00f6r om dina gamla kl\u00e4der<br \/> &#8211; E-sport f\u00f6r nyb\u00f6rjare<\/h5>\n<p>[\/et_pb_text][et_pb_image src=&#8221;https:\/\/frisksportlager.se\/2026\/wp-content\/uploads\/sites\/9\/2024\/02\/gitarr.png&#8221; title_text=&#8221;gitarr&#8221; _builder_version=&#8221;4.22.2&#8243; background_color=&#8221;#FFE995&#8243; width=&#8221;80px&#8221; custom_margin=&#8221;||||false|false&#8221; custom_css_main_element=&#8221;float: left;||clear: both;&#8221; locked=&#8221;off&#8221; global_colors_info=&#8221;{}&#8221;][\/et_pb_image][et_pb_text module_class=&#8221;averta-regular&#8221; _builder_version=&#8221;4.16&#8243; custom_margin=&#8221;|||80px|false|false&#8221; custom_padding=&#8221;|||40px|false|false&#8221; global_colors_info=&#8221;{}&#8221;]<\/p>\n<h4>Kv\u00e4llsaktiviteter<\/h4>\n<h5>&#8211; Disco<br \/> &#8211; Sp\u00f6kvandring<br \/>&#8211; Spelkv\u00e4ll<br \/>&#8211; Trubadurkv\u00e4ll<\/h5>\n<p>[\/et_pb_text][\/et_pb_column][et_pb_column type=&#8221;1_3&#8243; _builder_version=&#8221;4.16&#8243; global_colors_info=&#8221;{}&#8221;][\/et_pb_column][\/et_pb_row][et_pb_row column_structure=&#8221;2_3,1_3&#8243; disabled_on=&#8221;on|on|on&#8221; _builder_version=&#8221;4.16&#8243; custom_margin=&#8221;||||false|false&#8221; custom_padding=&#8221;0px||||false|false&#8221; custom_padding_tablet=&#8221;||0px||false|false&#8221; custom_padding_phone=&#8221;|15px|0px|15px|false|true&#8221; disabled=&#8221;on&#8221; locked=&#8221;off&#8221; global_colors_info=&#8221;{}&#8221;][et_pb_column type=&#8221;2_3&#8243; _builder_version=&#8221;4.16&#8243; global_colors_info=&#8221;{}&#8221;][et_pb_divider color=&#8221;#061466&#8243; _builder_version=&#8221;4.16&#8243; custom_margin=&#8221;||0px||false|false&#8221; global_colors_info=&#8221;{}&#8221;][\/et_pb_divider][et_pb_image src=&#8221;https:\/\/frisksportlager.se\/wp-content\/uploads\/2020\/02\/sigrid-profilbild-ny.jpg.png&#8221; _builder_version=&#8221;4.16&#8243; max_width=&#8221;80px&#8221; custom_margin=&#8221;|15px|||false|false&#8221; custom_css_main_element=&#8221;float:left;||clear: left;&#8221; border_radii=&#8221;on|50%|50%|50%|50%&#8221; global_colors_info=&#8221;{}&#8221;][\/et_pb_image][et_pb_text _builder_version=&#8221;4.16&#8243; header_4_letter_spacing=&#8221;0.8px&#8221; custom_margin=&#8221;15px||||false|false&#8221; custom_css_main_element=&#8221;float:left;&#8221; global_colors_info=&#8221;{}&#8221;]<\/p>\n<h4>Sigrid Bj\u00f6rk<\/h4>\n<h6>Ungdomsansvarig<\/h6>\n<p>[\/et_pb_text][et_pb_text disabled_on=&#8221;off|off|off&#8221; module_class=&#8221;averta-extra-bold&#8221; _builder_version=&#8221;4.16&#8243; text_font=&#8221;|||on|||||&#8221; text_text_color=&#8221;#0080df&#8221; text_letter_spacing=&#8221;1.51px&#8221; text_orientation=&#8221;center&#8221; max_width=&#8221;180px&#8221; custom_margin=&#8221;15px||||false|false&#8221; custom_padding=&#8221;10px|18px|10px|18px|true|true&#8221; link_option_url=&#8221;https:\/\/frisksportlager.se\/kontakt\/#ungdom&#8221; custom_css_main_element=&#8221;float: right;&#8221; border_width_all=&#8221;2px&#8221; border_color_all=&#8221;#0080df&#8221; locked=&#8221;off&#8221; global_colors_info=&#8221;{}&#8221;]<\/p>\n<p>Fr\u00e5gor?<\/p>\n<p>[\/et_pb_text][\/et_pb_column][et_pb_column type=&#8221;1_3&#8243; _builder_version=&#8221;4.16&#8243; global_colors_info=&#8221;{}&#8221;][\/et_pb_column][\/et_pb_row][\/et_pb_section]<\/p>\n","protected":false},"excerpt":{"rendered":"<p>Ungdomsl\u00e4ger Bo i Ungdomsl\u00e4gret F\u00f6r ungdomar finns en helt egen l\u00e4geryta och egna programpunkter! Ungdomsaktiviteterna planeras och genomf\u00f6rs av ett h\u00e4rligt g\u00e4ng unga ledare, som planerar tillsammans under v\u00e5ren innan l\u00e4gret. Vi har flera (i m\u00e5nga fall lite galna) programpunkter under veckan och vi hittar p\u00e5 en del spontana aktiviteter i v\u00e5rt eget ungdomst\u00e4lt. Vi [&hellip;]<\/p>\n","protected":false},"author":4,"featured_media":0,"parent":709,"menu_order":0,"comment_status":"closed","ping_status":"closed","template":"","meta":{"_acf_changed":false,"_et_pb_use_builder":"on","_et_pb_old_content":"","_et_gb_content_width":"","_lmt_disableupdate":"no","_lmt_disable":"","_view_id":"","footnotes":""},"class_list":["post-117","page","type-page","status-publish","hentry"],"acf":[],"_links":{"self":[{"href":"https:\/\/frisksportlager.se\/2026\/wp-json\/wp\/v2\/pages\/117","targetHints":{"allow":["GET"]}}],"collection":[{"href":"https:\/\/frisksportlager.se\/2026\/wp-json\/wp\/v2\/pages"}],"about":[{"href":"https:\/\/frisksportlager.se\/2026\/wp-json\/wp\/v2\/types\/page"}],"author":[{"embeddable":true,"href":"https:\/\/frisksportlager.se\/2026\/wp-json\/wp\/v2\/users\/4"}],"replies":[{"embeddable":true,"href":"https:\/\/frisksportlager.se\/2026\/wp-json\/wp\/v2\/comments?post=117"}],"version-history":[{"count":47,"href":"https:\/\/frisksportlager.se\/2026\/wp-json\/wp\/v2\/pages\/117\/revisions"}],"predecessor-version":[{"id":2363,"href":"https:\/\/frisksportlager.se\/2026\/wp-json\/wp\/v2\/pages\/117\/revisions\/2363"}],"up":[{"embeddable":true,"href":"https:\/\/frisksportlager.se\/2026\/wp-json\/wp\/v2\/pages\/709"}],"wp:attachment":[{"href":"https:\/\/frisksportlager.se\/2026\/wp-json\/wp\/v2\/media?parent=117"}],"curies":[{"name":"wp","href":"https:\/\/api.w.org\/{rel}","templated":true}]}}